-- https://www.phpmyadmin.net/
--
START TRANSACTION;
;
;
;
;
--
-- Database: `danidslk_jctraka`
--

-- --------------------------------------------------------
--
-- Table structure for table `closed_reports`
--

CREATE TABLE `closed_reports` (
  `id` int(11) NOT NULL,
  `document_id` varchar(255) NOT NULL,
  `created_at` timestamp NOT NULL DEFAULT current_timestamp(),
  `details` text NOT NULL,
  `initial` varchar(10) DEFAULT NULL,
  `instructor_type` varchar(255) DEFAULT NULL,
  `instructor_uid` varchar(255) NOT NULL,
  `points` int(11) DEFAULT 0,
  `service_num` varchar(255) DEFAULT NULL,
  `status` enum('closed') DEFAULT 'closed',
  `student_uid` varchar(255) DEFAULT NULL,
  `surname` varchar(255) DEFAULT NULL,
  `type` varchar(50) DEFAULT NULL,
  `updated_at` timestamp NOT NULL DEFAULT current_timestamp() ON UPDATE current_timestamp(),
  `created_by` varchar(255) NOT NULL,
  `updated_by` varchar(255) DEFAULT NULL
) ENGINE = MyISAM DEFAULT CHARSET = latin1 COLLATE = latin1_swedish_ci;
-- --------------------------------------------------------
--
-- Table structure for table `confirmed_reports`
--

CREATE TABLE `confirmed_reports` (
  `id` int(11) NOT NULL,
  `document_id` varchar(255) NOT NULL,
  `created_at` timestamp NOT NULL DEFAULT current_timestamp(),
  `details` text NOT NULL,
  `initial` varchar(10) DEFAULT NULL,
  `instructor_type` varchar(255) DEFAULT NULL,
  `instructor_uid` varchar(255) NOT NULL,
  `points` int(11) DEFAULT 0,
  `service_num` varchar(255) DEFAULT NULL,
  `status` enum('confirmed') DEFAULT 'confirmed',
  `student_uid` varchar(255) DEFAULT NULL,
  `surname` varchar(255) DEFAULT NULL,
  `type` varchar(50) DEFAULT NULL,
  `updated_at` timestamp NOT NULL DEFAULT current_timestamp() ON UPDATE current_timestamp(),
  `created_by` varchar(255) NOT NULL,
  `updated_by` varchar(255) DEFAULT NULL
) ENGINE = MyISAM DEFAULT CHARSET = latin1 COLLATE = latin1_swedish_ci;
-- --------------------------------------------------------
--
-- Table structure for table `conversations`
--

CREATE TABLE `conversations` (
  `id` int(11) NOT NULL,
  `document_id` varchar(255) NOT NULL,
  `created_at` timestamp NOT NULL DEFAULT current_timestamp(),
  `created_by` varchar(255) NOT NULL,
  `is_group` tinyint(1) DEFAULT 0,
  `members` longtext CHARACTER SET utf8mb4 COLLATE utf8mb4_bin NOT NULL CHECK (json_valid(`members`)),
  `name` varchar(255) DEFAULT NULL
) ENGINE = MyISAM DEFAULT CHARSET = latin1 COLLATE = latin1_swedish_ci;
--
-- Dumping data for table `conversations`
--

INSERT INTO `conversations` (
    `id`,
    `document_id`,
    `created_at`,
    `created_by`,
    `is_group`,
    `members`,
    `name`
  )
VALUES (
    36,
    '620fee99-c18e-47b4-aef8-97910be88ae2',
    '2024-11-02 00:39:23',
    'NCS44001',
    1,
    '[\"19\", \"21\", \"22\"]',
    'Ubuntu Again'
  ),
  (
    37,
    '81cc3b64-7226-4bed-801e-7b6263cfdf14',
    '2024-11-02 00:43:23',
    'NCS44001',
    1,
    '[\"19\", \"21\", \"22\"]',
    'Ubuntu Now'
  ),
  (
    33,
    '1873bf0a-803e-4f87-9a67-189123be168c',
    '2024-11-01 09:50:52',
    'NCS44001',
    1,
    '[\"19\", \"21\", \"22\"]',
    'Senior Course 13-25'
  ),
  (
    34,
    '3962afbd-5319-47f9-9b12-ff8d09ba1b4b',
    '2024-11-01 09:51:15',
    'NCS44001',
    1,
    '[\"19\", \"21\", \"22\"]',
    'Senior Course 13-25'
  ),
  (
    35,
    '41f39ab1-49cb-451c-b560-e70a9800dde5',
    '2024-11-01 10:44:00',
    'NCS44001',
    1,
    '[\"19\", \"21\", \"22\"]',
    'SC 12 2005 GRP'
  ),
  (
    32,
    '143931d9-437d-43c2-9f71-280f99a87dfe',
    '2024-11-01 09:30:15',
    'NCS44001',
    1,
    '[\"19\", \"21\", \"22\"]',
    'Senior Course 12-25'
  ),
  (
    31,
    '77bd96fa-0aa9-450e-beb5-381dbadc94ca',
    '2024-11-01 09:19:53',
    'NCS44001',
    1,
    '[\"19\", \"\", \"21\", \"22\"]',
    'Senior Course 12-25'
  ),
  (
    26,
    '036ac553-a1a1-426a-aa55-3cde69a0c162',
    '2024-10-31 11:22:56',
    'NCS43212',
    0,
    '[\"11\", \"14\"]',
    'individual'
  ),
  (
    27,
    '893461f5-7685-4a89-b09d-d4e89c2ee997',
    '2024-10-31 11:28:22',
    'NCS00043',
    1,
    '[\"12\", \"11\", \"14\"]',
    'Test Group Chat Video'
  ),
  (
    28,
    '48eb6a8e-e36f-4cf8-abc8-1265f96aec80',
    '2024-10-31 12:30:46',
    'NCS44001',
    1,
    '[\"19\", \"21\", \"22\"]',
    'Ubuntu Course1'
  ),
  (
    29,
    '408fd66f-74bc-4d1e-9918-6bd8e5a5d78b',
    '2024-11-01 08:11:09',
    'NCS44616',
    1,
    '[\"8\", \"21\", \"22\"]',
    'This is Ubuntu'
  ),
  (
    30,
    'c4fe382b-b121-4451-bcda-2570cf5e412b',
    '2024-11-01 08:11:20',
    'NCS44616',
    1,
    '[\"8\", \"21\", \"22\"]',
    'This is Ubuntu'
  ),
  (
    38,
    '00d01e46-3d3a-4b7b-a497-beadc0995e2c',
    '2024-11-02 00:54:48',
    'NCS44001',
    1,
    '[\"19\", \"21\", \"22\"]',
    'New Group'
  ),
  (
    39,
    'e83bda4b-9ed4-4d1d-a490-1658a82732ce',
    '2024-11-02 01:17:36',
    'NCS44001',
    0,
    '[\"19\", \"20\"]',
    'individual'
  ),
  (
    40,
    '2cd71461-9cea-4c61-8679-3e3b9e61cbb7',
    '2024-11-02 01:30:49',
    'NCS44444',
    0,
    '[\"10\", \"\"]',
    'individual'
  ),
  (
    41,
    'f1f8345d-da99-4e6f-841c-1722dcafbd8b',
    '2024-11-02 09:03:18',
    'NCS44001',
    1,
    '[\"19\", \"21\", \"22\"]',
    'New Day'
  ),
  (
    42,
    '757acf12-5efc-4f8c-a58c-5587cf0c7960',
    '2024-11-02 15:20:32',
    'NCS12345',
    0,
    '[\"1\", \"4\"]',
    'individual'
  ),
  (
    43,
    '31b9f013-b8a3-4e7d-90e1-13516041bb50',
    '2024-11-04 16:57:47',
    'NCS41000',
    0,
    '[\"23\", \"19\"]',
    'individual'
  ),
  (
    44,
    '3a389853-7af7-496c-8669-c22e74e64827',
    '2024-11-05 23:03:10',
    'NCS41000',
    1,
    '[\"23\", \"9\", \"17\", \"15\"]',
    'JC 10 2024'
  ),
  (
    45,
    'c0e71a4c-f112-459d-93ee-da1034dbc6b8',
    '2024-11-05 23:03:31',
    'NCS41000',
    1,
    '[\"23\", \"9\", \"17\", \"15\"]',
    'JC 10 2024'
  ),
  (
    46,
    '981732b4-7f0e-4238-a997-385d2c818101',
    '2024-11-05 23:05:29',
    'NCS44001',
    1,
    '[\"19\", \"9\", \"17\", \"15\"]',
    'JC 10 2024'
  ),
  (
    47,
    '231a67ee-d801-438a-9947-f412c683e24b',
    '2024-11-05 23:25:24',
    'NCS44001',
    1,
    '[\"19\", \"22\", \"21\"]',
    'Ubuntu Course 25'
  ),
  (
    48,
    '47eff495-3b37-4ef7-966a-ce8b0590216e',
    '2024-11-05 23:25:25',
    'NCS44001',
    1,
    '[\"19\", \"22\", \"21\"]',
    'Ubuntu Course 25'
  ),
  (
    49,
    'ceb65886-292f-40be-9a7f-0df969d5ad11',
    '2024-11-05 23:50:00',
    'NCS45112',
    0,
    '[\"24\", \"19\"]',
    'Individual Conversation'
  ),
  (
    50,
    '02564276-c07c-4f5d-be76-de497938166c',
    '2024-11-08 07:36:39',
    'NCS41000',
    1,
    '[\"23\", \"7\", \"8\", \"9\", \"10\"]',
    'UbuntuTest'
  ),
  (
    51,
    'df56774a-1e42-4bac-978b-cdb524274d08',
    '2024-11-08 07:40:58',
    'NCS44001',
    1,
    '[\"19\", \"14\"]',
    'Junior Course 2024'
  ),
  (
    52,
    '1193e0b2-0b03-4a50-a894-416aba4ead82',
    '2024-11-08 07:42:32',
    'NCS44001',
    1,
    '[\"19\", \"22\", \"21\"]',
    'Ubuntu Course 25'
  ),
  (
    53,
    '2235d6f5-5013-47a2-a725-458d5352ff89',
    '2024-11-08 07:44:25',
    'NCS44001',
    1,
    '[\"19\", \"9\", \"17\", \"15\"]',
    'JC 10 2024'
  ),
  (
    54,
    '4baa0f1e-a3bd-45d7-8c7f-96e38cbf25ea',
    '2024-11-08 07:53:22',
    'NCS44001',
    1,
    '[\"19\", \"1\", \"4\", \"5\", \"6\", \"7\", \"8\", \"9\", \"10\", \"11\", \"12\"]',
    'New Group Ubuntu'
  ),
  (
    55,
    'bee21629-cb28-4cfb-9dc5-5b35c21ea2b4',
    '2024-11-08 07:59:42',
    'NCS44001',
    0,
    '[\"19\", \"21\"]',
    'Individual Conversation'
  ),
  (
    56,
    '28cd3743-4a3f-4102-810a-0bf366e4f343',
    '2024-11-16 11:28:40',
    'NCS12345',
    0,
    '[\"1\", \"7\"]',
    'Individual Conversation'
  ),
  (
    57,
    'e1d1e385-970b-4d36-86f2-52649d1a2c14',
    '2024-11-16 11:29:14',
    'NCS12345',
    1,
    '[\"1\", \"9\", \"17\", \"15\"]',
    'JC 10 2024'
  ),
  (
    58,
    'bcb928b1-d0ae-43f5-9a3e-d0c213f05e30',
    '2024-11-16 11:49:57',
    'NCS44001',
    1,
    '[\"19\", \"22\", \"21\"]',
    'Ubuntu Course 25'
  ),
  (
    59,
    '3267db7c-99ed-47fd-a2ee-48a35797b1c8',
    '2024-12-02 17:19:17',
    'NCS43212',
    1,
    '[\"11\", \"14\"]',
    'Junior Course 2024'
  ),
  (
    60,
    '62915588-a9a3-4775-ab5b-c8c4707d4826',
    '2024-12-02 17:20:36',
    'NCS43212',
    1,
    '[\"11\", \"22\", \"21\"]',
    'Ubuntu Course 25'
  ),
  (
    61,
    '469c179a-cfd4-4930-b555-93acc2eb7e5d',
    '2024-12-02 18:05:57',
    'NCS44001',
    1,
    '[\"19\", \"22\", \"21\"]',
    'Ubuntu Course 25'
  ),
  (
    62,
    '268293e1-3c45-434f-95e9-6fab3636f45a',
    '2024-12-05 11:30:40',
    'NCS46001',
    1,
    '[\"25\", \"29\", \"34\", \"38\", \"27\", \"32\", \"43\", \"35\", \"41\", \"26\", \"31\", \"30\", \"37\", \"40\", \"44\", \"33\", \"28\", \"45\", \"36\", \"39\", \"42\"]',
    'SC 12 25'
  ),
  (
    63,
    'cdf8d1e9-760e-4118-9e31-21b6f9e0d296',
    '2024-12-05 12:18:42',
    'NCS46022',
    0,
    '[\"46\", \"25\"]',
    'Individual Conversation'
  ),
  (
    64,
    'e1c53b1c-d112-4bf7-9a27-4c65eb1bb8cd',
    '2024-12-07 03:18:03',
    'NCS46001',
    1,
    '[\"25\", \"29\", \"34\", \"38\", \"27\", \"32\", \"43\", \"35\", \"41\", \"26\", \"31\", \"30\", \"37\", \"40\", \"55\", \"44\", \"33\", \"28\", \"45\", \"36\", \"39\", \"42\"]',
    'SC 12 25'
  ),
  (
    65,
    '368e4a0b-6148-4af3-a114-1c99ea144a39',
    '2024-12-07 12:24:07',
    'NCS46026',
    0,
    '[\"50\", \"25\"]',
    'Individual Conversation'
  ),
  (
    66,
    'cfe45e41-c41b-41c8-8cd8-8a7f487c600c',
    '2024-12-07 12:35:40',
    'NCS46022',
    0,
    '[\"46\", \"\"]',
    'Individual Conversation'
  ),
  (
    67,
    'bb3128d7-3dd1-42a9-a4a7-83d984b4346d',
    '2024-12-07 12:43:03',
    'NCS46022',
    0,
    '[\"46\", \"61\"]',
    'Individual Conversation'
  ),
  (
    68,
    'bc26d9d0-7298-4fab-9ccd-bc541a9dadb1',
    '2024-12-14 20:27:01',
    'NCS46024',
    1,
    '[\"48\", \"29\", \"34\", \"38\", \"27\", \"32\", \"43\", \"35\", \"41\", \"60\", \"26\", \"59\", \"31\", \"30\", \"37\", \"40\", \"55\", \"44\", \"33\", \"28\", \"45\", \"36\", \"39\", \"42\"]',
    'SC 12 25'
  );
-- --------------------------------------------------------
--
-- Table structure for table `conversation_members`
--

CREATE TABLE `conversation_members` (
  `conversation_id` int(11) NOT NULL,
  `user_id` int(11) NOT NULL,
  `added_at` timestamp NOT NULL DEFAULT current_timestamp()
) ENGINE = MyISAM DEFAULT CHARSET = latin1 COLLATE = latin1_swedish_ci;
--
-- Dumping data for table `conversation_members`
--

INSERT INTO `conversation_members` (`conversation_id`, `user_id`, `added_at`)
VALUES (45, 23, '2024-11-05 23:03:31'),
  (48, 19, '2024-11-05 23:25:25'),
  (47, 21, '2024-11-05 23:25:24'),
  (47, 22, '2024-11-05 23:25:24'),
  (47, 19, '2024-11-05 23:25:24'),
  (46, 15, '2024-11-05 23:05:29'),
  (46, 17, '2024-11-05 23:05:29'),
  (46, 9, '2024-11-05 23:05:29'),
  (46, 19, '2024-11-05 23:05:29'),
  (45, 15, '2024-11-05 23:03:31'),
  (45, 17, '2024-11-05 23:03:31'),
  (45, 9, '2024-11-05 23:03:31'),
  (44, 15, '2024-11-05 23:03:10'),
  (44, 17, '2024-11-05 23:03:10'),
  (44, 9, '2024-11-05 23:03:10'),
  (44, 23, '2024-11-05 23:03:10'),
  (43, 19, '2024-11-04 16:57:47'),
  (43, 23, '2024-11-04 16:57:47'),
  (42, 4, '2024-11-02 15:20:32'),
  (42, 1, '2024-11-02 15:20:32'),
  (41, 22, '2024-11-02 09:03:18'),
  (41, 21, '2024-11-02 09:03:18'),
  (41, 19, '2024-11-02 09:03:18'),
  (40, 0, '2024-11-02 01:30:49'),
  (40, 10, '2024-11-02 01:30:49'),
  (39, 20, '2024-11-02 01:17:36'),
  (39, 19, '2024-11-02 01:17:36'),
  (38, 22, '2024-11-02 00:54:48'),
  (38, 21, '2024-11-02 00:54:48'),
  (38, 19, '2024-11-02 00:54:48'),
  (37, 22, '2024-11-02 00:43:23'),
  (37, 21, '2024-11-02 00:43:23'),
  (37, 19, '2024-11-02 00:43:23'),
  (36, 22, '2024-11-02 00:39:23'),
  (36, 21, '2024-11-02 00:39:23'),
  (36, 19, '2024-11-02 00:39:23'),
  (35, 22, '2024-11-01 10:44:00'),
  (35, 21, '2024-11-01 10:44:00'),
  (35, 19, '2024-11-01 10:44:00'),
  (34, 22, '2024-11-01 09:51:15'),
  (34, 21, '2024-11-01 09:51:15'),
  (34, 19, '2024-11-01 09:51:15'),
  (33, 22, '2024-11-01 09:50:52'),
  (33, 21, '2024-11-01 09:50:52'),
  (33, 19, '2024-11-01 09:50:52'),
  (32, 22, '2024-11-01 09:30:15'),
  (32, 21, '2024-11-01 09:30:15'),
  (32, 19, '2024-11-01 09:30:15'),
  (31, 22, '2024-11-01 09:19:53'),
  (31, 21, '2024-11-01 09:19:53'),
  (31, 0, '2024-11-01 09:19:53'),
  (31, 19, '2024-11-01 09:19:53'),
  (30, 22, '2024-11-01 08:11:20'),
  (30, 21, '2024-11-01 08:11:20'),
  (30, 8, '2024-11-01 08:11:20'),
  (29, 22, '2024-11-01 08:11:10'),
  (29, 21, '2024-11-01 08:11:10'),
  (29, 8, '2024-11-01 08:11:10'),
  (28, 22, '2024-10-31 12:30:46'),
  (28, 21, '2024-10-31 12:30:46'),
  (28, 19, '2024-10-31 12:30:46'),
  (27, 14, '2024-10-31 11:28:22'),
  (27, 11, '2024-10-31 11:28:22'),
  (27, 12, '2024-10-31 11:28:22'),
  (26, 14, '2024-10-31 11:22:56'),
  (26, 11, '2024-10-31 11:22:56'),
  (48, 22, '2024-11-05 23:25:25'),
  (48, 21, '2024-11-05 23:25:25'),
  (49, 24, '2024-11-05 23:50:00'),
  (49, 19, '2024-11-05 23:50:00'),
  (50, 23, '2024-11-07 20:36:39'),
  (50, 7, '2024-11-07 20:36:39'),
  (50, 8, '2024-11-07 20:36:39'),
  (50, 9, '2024-11-07 20:36:39'),
  (50, 10, '2024-11-07 20:36:39'),
  (51, 19, '2024-11-07 20:40:58'),
  (51, 14, '2024-11-07 20:40:58'),
  (52, 19, '2024-11-07 20:42:32'),
  (52, 22, '2024-11-07 20:42:32'),
  (52, 21, '2024-11-07 20:42:32'),
  (53, 19, '2024-11-07 20:44:25'),
  (53, 9, '2024-11-07 20:44:25'),
  (53, 17, '2024-11-07 20:44:25'),
  (53, 15, '2024-11-07 20:44:25'),
  (54, 19, '2024-11-07 20:53:22'),
  (54, 1, '2024-11-07 20:53:22'),
  (54, 4, '2024-11-07 20:53:22'),
  (54, 5, '2024-11-07 20:53:22'),
  (54, 6, '2024-11-07 20:53:22'),
  (54, 7, '2024-11-07 20:53:22'),
  (54, 8, '2024-11-07 20:53:22'),
  (54, 9, '2024-11-07 20:53:22'),
  (54, 10, '2024-11-07 20:53:22'),
  (54, 11, '2024-11-07 20:53:22'),
  (54, 12, '2024-11-07 20:53:22'),
  (55, 19, '2024-11-07 20:59:42'),
  (55, 21, '2024-11-07 20:59:42'),
  (56, 1, '2024-11-17 00:28:40'),
  (56, 7, '2024-11-17 00:28:40'),
  (57, 1, '2024-11-17 00:29:14'),
  (57, 9, '2024-11-17 00:29:14'),
  (57, 17, '2024-11-17 00:29:14'),
  (57, 15, '2024-11-17 00:29:14'),
  (58, 19, '2024-11-17 00:49:57'),
  (58, 22, '2024-11-17 00:49:57'),
  (58, 21, '2024-11-17 00:49:57'),
  (59, 11, '2024-12-02 06:19:17'),
  (59, 14, '2024-12-02 06:19:17'),
  (60, 11, '2024-12-02 06:20:36'),
  (60, 22, '2024-12-02 06:20:36'),
  (60, 21, '2024-12-02 06:20:36'),
  (61, 19, '2024-12-02 07:05:57'),
  (61, 22, '2024-12-02 07:05:57'),
  (61, 21, '2024-12-02 07:05:57'),
  (62, 25, '2024-12-06 00:30:40'),
  (62, 29, '2024-12-06 00:30:40'),
  (62, 34, '2024-12-06 00:30:40'),
  (62, 38, '2024-12-06 00:30:40'),
  (62, 27, '2024-12-06 00:30:40'),
  (62, 32, '2024-12-06 00:30:40'),
  (62, 43, '2024-12-06 00:30:40'),
  (62, 35, '2024-12-06 00:30:40'),
  (62, 41, '2024-12-06 00:30:40'),
  (62, 26, '2024-12-06 00:30:40'),
  (62, 31, '2024-12-06 00:30:40'),
  (62, 30, '2024-12-06 00:30:40'),
  (62, 37, '2024-12-06 00:30:40'),
  (62, 40, '2024-12-06 00:30:40'),
  (62, 44, '2024-12-06 00:30:40'),
  (62, 33, '2024-12-06 00:30:40'),
  (62, 28, '2024-12-06 00:30:40'),
  (62, 45, '2024-12-06 00:30:40'),
  (62, 36, '2024-12-06 00:30:40'),
  (62, 39, '2024-12-06 00:30:40'),
  (62, 42, '2024-12-06 00:30:40'),
  (63, 46, '2024-12-06 01:18:42'),
  (63, 25, '2024-12-06 01:18:42'),
  (64, 25, '2024-12-06 16:18:03'),
  (64, 29, '2024-12-06 16:18:03'),
  (64, 34, '2024-12-06 16:18:03'),
  (64, 38, '2024-12-06 16:18:03'),
  (64, 27, '2024-12-06 16:18:03'),
  (64, 32, '2024-12-06 16:18:03'),
  (64, 43, '2024-12-06 16:18:03'),
  (64, 35, '2024-12-06 16:18:03'),
  (64, 41, '2024-12-06 16:18:03'),
  (64, 26, '2024-12-06 16:18:03'),
  (64, 31, '2024-12-06 16:18:03'),
  (64, 30, '2024-12-06 16:18:03'),
  (64, 37, '2024-12-06 16:18:03'),
  (64, 40, '2024-12-06 16:18:03'),
  (64, 55, '2024-12-06 16:18:03'),
  (64, 44, '2024-12-06 16:18:03'),
  (64, 33, '2024-12-06 16:18:03'),
  (64, 28, '2024-12-06 16:18:03'),
  (64, 45, '2024-12-06 16:18:03'),
  (64, 36, '2024-12-06 16:18:03'),
  (64, 39, '2024-12-06 16:18:03'),
  (64, 42, '2024-12-06 16:18:03'),
  (65, 50, '2024-12-08 01:24:07'),
  (65, 25, '2024-12-08 01:24:07'),
  (66, 46, '2024-12-08 01:35:40'),
  (66, 0, '2024-12-08 01:35:41'),
  (67, 46, '2024-12-08 01:43:03'),
  (67, 61, '2024-12-08 01:43:03'),
  (68, 48, '2024-12-14 09:27:01'),
  (68, 29, '2024-12-14 09:27:01'),
  (68, 34, '2024-12-14 09:27:01'),
  (68, 38, '2024-12-14 09:27:01'),
  (68, 27, '2024-12-14 09:27:01'),
  (68, 32, '2024-12-14 09:27:01'),
  (68, 43, '2024-12-14 09:27:01'),
  (68, 35, '2024-12-14 09:27:01'),
  (68, 41, '2024-12-14 09:27:01'),
  (68, 60, '2024-12-14 09:27:01'),
  (68, 26, '2024-12-14 09:27:01'),
  (68, 59, '2024-12-14 09:27:01'),
  (68, 31, '2024-12-14 09:27:01'),
  (68, 30, '2024-12-14 09:27:01'),
  (68, 37, '2024-12-14 09:27:01'),
  (68, 40, '2024-12-14 09:27:01'),
  (68, 55, '2024-12-14 09:27:01'),
  (68, 44, '2024-12-14 09:27:01'),
  (68, 33, '2024-12-14 09:27:01'),
  (68, 28, '2024-12-14 09:27:01'),
  (68, 45, '2024-12-14 09:27:01'),
  (68, 36, '2024-12-14 09:27:01'),
  (68, 39, '2024-12-14 09:27:01'),
  (68, 42, '2024-12-14 09:27:01');
-- --------------------------------------------------------
--
-- Table structure for table `courses`
--

CREATE TABLE `courses` (
  `id` int(11) NOT NULL,
  `document_id` varchar(255) NOT NULL,
  `course_id` varchar(255) NOT NULL,
  `course_title` varchar(255) NOT NULL,
  `course_type` enum('SC', 'JC') NOT NULL,
  `course_year` year(4) NOT NULL,
  `date_posted` timestamp NULL DEFAULT current_timestamp(),
  `description` text DEFAULT NULL,
  `end_date` date DEFAULT NULL,
  `is_open` tinyint(1) DEFAULT 1,
  `proposed_fail_grade` int(11) DEFAULT NULL,
  `proposed_pass_grade` int(11) DEFAULT NULL,
  `start_date` date DEFAULT NULL,
  `students` longtext CHARACTER SET utf8mb4 COLLATE utf8mb4_bin DEFAULT NULL CHECK (json_valid(`students`)),
  `total_activities` int(11) DEFAULT 0,
  `total_registered_students` int(11) DEFAULT 0,
  `created_by` varchar(255) NOT NULL,
  `created_at` timestamp NULL DEFAULT current_timestamp(),
  `updated_at` timestamp NULL DEFAULT current_timestamp() ON UPDATE current_timestamp(),
  `last_updated_by` varchar(255) DEFAULT NULL,
  `activities` longtext CHARACTER SET utf8mb4 COLLATE utf8mb4_bin DEFAULT NULL CHECK (json_valid(`activities`)),
  `kilometer_walk_total_distance` int(11) DEFAULT 0 COMMENT 'Expected total distance (in km) for students',
  `kilometer_walk_current_distance` int(11) DEFAULT 0 COMMENT 'Current total distance (in km) walked by all students'
) ENGINE = MyISAM DEFAULT CHARSET = latin1 COLLATE = latin1_swedish_ci;
--
-- Dumping data for table `courses`
--

INSERT INTO `courses` (
    `id`,
    `document_id`,
    `course_id`,
    `course_title`,
    `course_type`,
    `course_year`,
    `date_posted`,
    `description`,
    `end_date`,
    `is_open`,
    `proposed_fail_grade`,
    `proposed_pass_grade`,
    `start_date`,
    `students`,
    `total_activities`,
    `total_registered_students`,
    `created_by`,
    `created_at`,
    `updated_at`,
    `last_updated_by`,
    `activities`,
    `kilometer_walk_total_distance`,
    `kilometer_walk_current_distance`
  )
VALUES (
    2,
    '1266b841-531f-4773-accf-752622a8edb5',
    '1266b841-531f-4773-accf-752622a8edb5',
    'Junior Course 2024',
    'JC',
    '2024',
    '2024-10-23 22:40:29',
    NULL,
    NULL,
    1,
    30,
    75,
    NULL,
    NULL,
    1,
    3,
    'NCS12345',
    '2024-10-23 22:40:29',
    '2024-12-19 18:07:18',
    NULL,
    '[\"6\"]',
    300,
    0
  ),
  (
    3,
    '3e9e12db-d5e6-49f8-8dca-e420ad2f4419',
    '3e9e12db-d5e6-49f8-8dca-e420ad2f4419',
    'Senior Course 24',
    'SC',
    '2024',
    '2024-10-23 22:49:48',
    NULL,
    NULL,
    1,
    35,
    80,
    NULL,
    NULL,
    1,
    1,
    'NCS12345',
    '2024-10-23 22:49:48',
    '2024-12-19 18:07:18',
    NULL,
    '[\"6\"]',
    300,
    0
  ),
  (
    4,
    '328ea85e-d54d-449e-b4de-e40f2ef69c40',
    '328ea85e-d54d-449e-b4de-e40f2ef69c40',
    'JC 10 2024',
    'JC',
    '2024',
    '2024-10-26 15:34:36',
    NULL,
    NULL,
    1,
    40,
    100,
    NULL,
    NULL,
    0,
    7,
    'NCS12345',
    '2024-10-26 15:34:36',
    '2024-12-19 18:07:18',
    NULL,
    '[\"6\",\"8\"]',
    300,
    0
  ),
  (
    5,
    '81fb445b-3688-4b1a-bcb3-711c93b78bff',
    '81fb445b-3688-4b1a-bcb3-711c93b78bff',
    'Ubuntu Course 25',
    'SC',
    '2024',
    '2024-10-28 22:04:46',
    NULL,
    NULL,
    0,
    40,
    100,
    NULL,
    NULL,
    0,
    6,
    'NCS12345',
    '2024-10-28 22:04:46',
    '2024-12-19 18:07:18',
    NULL,
    '[\"10\",\"9\",\"6\"]',
    300,
    0
  ),
  (
    7,
    '4e03c169-72e1-4ac3-b58a-a77858322eaa',
    '4e03c169-72e1-4ac3-b58a-a77858322eaa',
    'SC 12 25',
    'SC',
    '2025',
    '2024-12-05 23:10:49',
    NULL,
    NULL,
    0,
    40,
    100,
    NULL,
    NULL,
    0,
    28,
    'NCS12345',
    '2024-12-05 23:10:49',
    '2024-12-19 18:07:18',
    NULL,
    '[\"10\",\"9\",\"11\",\"6\",\"8\"]',
    300,
    0
  ),
  (
    8,
    'dfda830a-5381-4d79-8a63-5113f76ecd0f',
    'dfda830a-5381-4d79-8a63-5113f76ecd0f',
    'JC 21 25',
    'JC',
    '2025',
    '2024-12-06 15:50:06',
    NULL,
    NULL,
    1,
    39,
    100,
    NULL,
    NULL,
    0,
    12,
    'NCS12345',
    '2024-12-06 15:50:06',
    '2024-12-19 18:07:18',
    NULL,
    '[\"9\",\"11\",\"5\",\"6\",\"8\"]',
    300,
    0
  ),
  (
    9,
    '9f1a2e90-4f4b-4e04-aea4-712300786e4f',
    '9f1a2e90-4f4b-4e04-aea4-712300786e4f',
    'SC12/25',
    'SC',
    '2025',
    '2024-12-06 15:53:21',
    NULL,
    NULL,
    1,
    39,
    100,
    NULL,
    NULL,
    0,
    0,
    'NCS12345',
    '2024-12-06 15:53:21',
    '2024-12-19 18:07:18',
    NULL,
    '[\"10\",\"9\",\"11\",\"6\",\"8\"]',
    300,
    0
  ),
  (
    10,
    '45f1fde5-47a1-41aa-99d5-27ff3726a554',
    '45f1fde5-47a1-41aa-99d5-27ff3726a554',
    'SC 13 25',
    'SC',
    '2025',
    '2024-12-16 16:48:21',
    NULL,
    NULL,
    1,
    40,
    75,
    NULL,
    NULL,
    0,
    10,
    'NCS12345',
    '2024-12-16 16:48:21',
    '2024-12-19 18:07:18',
    NULL,
    '[\"11\",\"12\",\"6\",\"8\"]',
    300,
    0
  ),
  (
    11,
    '546b91e9-7168-489e-82ce-21b5f20d44bf',
    '546b91e9-7168-489e-82ce-21b5f20d44bf',
    'SC 22 26',
    'SC',
    '2024',
    '2024-12-20 05:04:03',
    NULL,
    NULL,
    1,
    39,
    100,
    NULL,
    NULL,
    0,
    6,
    'NCS12345',
    '2024-12-20 05:04:03',
    '2024-12-20 05:11:43',
    NULL,
    '[\"10\",\"9\",\"11\",\"12\",\"6\",\"8\"]',
    300,
    0
  );
-- --------------------------------------------------------
--
-- Table structure for table `course_activities`
--

CREATE TABLE `course_activities` (
  `id` int(11) NOT NULL,
  `document_id` varchar(255) NOT NULL,
  `name` varchar(255) NOT NULL,
  `course_type` enum('SC', 'JC', 'both') NOT NULL,
  `date_posted` timestamp NULL DEFAULT current_timestamp(),
  `punishment` int(11) DEFAULT NULL,
  `created_by` varchar(255) NOT NULL,
  `updated_by` varchar(255) DEFAULT NULL
) ENGINE = MyISAM DEFAULT CHARSET = latin1 COLLATE = latin1_swedish_ci;
--
-- Dumping data for table `course_activities`
--

INSERT INTO `course_activities` (
    `id`,
    `document_id`,
    `name`,
    `course_type`,
    `date_posted`,
    `punishment`,
    `created_by`,
    `updated_by`
  )
VALUES (
    5,
    'adb5cb6d-cafa-4e66-b3a1-4a0a462d9a08',
    'Rehearsals',
    'JC',
    '2024-10-23 18:17:27',
    4,
    'NCS12345',
    'NCS12345'
  ),
  (
    6,
    'ea98f0c6-fd71-48c9-a12d-21e8aa7dbcde',
    'Sports',
    'both',
    '2024-10-23 18:35:11',
    3,
    'NCS12345',
    NULL
  ),
  (
    7,
    '3db705b2-0f3d-4d0f-b20d-ae2e529536a9',
    'Mess',
    'JC',
    '2024-10-25 00:16:39',
    3,
    'NCS12345',
    NULL
  ),
  (
    8,
    '2894ed60-4fdb-480d-882a-ed091d399ef7',
    'Syndicate Class',
    'both',
    '2024-10-25 12:25:41',
    4,
    'NCS12345',
    NULL
  ),
  (
    9,
    '32146347-b273-4e7b-a3fd-a6045b3a1660',
    'Mess Activities',
    'both',
    '2024-10-28 20:29:29',
    2,
    'NCS12345',
    NULL
  ),
  (
    10,
    '29e8ec02-170f-41fb-8202-2808d38111db',
    'Kilometer Walk',
    'both',
    '2024-10-28 20:29:55',
    3,
    'NCS12345',
    NULL
  ),
  (
    11,
    '04c2dc46-c1ea-4b5c-bfd2-505b6e0c28f1',
    'Morning Drill',
    'both',
    '2024-10-28 20:30:18',
    3,
    'NCS12345',
    NULL
  ),
  (
    12,
    'cb201e68-c95b-4de4-9f55-50a7c30a1dae',
    'Shining Parade',
    'SC',
    '2024-12-06 16:16:16',
    4,
    'NCS12345',
    NULL
  );
-- --------------------------------------------------------
--
-- Table structure for table `messages`
--

CREATE TABLE `messages` (
  `id` int(11) NOT NULL,
  `conversation_id` int(11) NOT NULL,
  `sender_id` int(11) NOT NULL,
  `content` text NOT NULL,
  `sent_at` timestamp NOT NULL DEFAULT current_timestamp(),
  `is_read` tinyint(1) DEFAULT 0,
  `acknowledged_list` longtext CHARACTER SET utf8mb4 COLLATE utf8mb4_bin DEFAULT NULL CHECK (json_valid(`acknowledged_list`))
) ENGINE = MyISAM DEFAULT CHARSET = latin1 COLLATE = latin1_swedish_ci;
--
-- Dumping data for table `messages`
--

INSERT INTO `messages` (
    `id`,
    `conversation_id`,
    `sender_id`,
    `content`,
    `sent_at`,
    `is_read`,
    `acknowledged_list`
  )
VALUES (
    17,
    28,
    19,
    'Hello all',
    '2024-10-31 13:52:42',
    0,
    NULL
  ),
  (
    16,
    27,
    11,
    'Kindly stay patient',
    '2024-10-31 11:29:33',
    0,
    NULL
  ),
  (
    15,
    27,
    12,
    'Where are all the students?',
    '2024-10-31 11:28:57',
    0,
    NULL
  ),
  (
    14,
    26,
    11,
    'Where exactly the code dey hosted?',
    '2024-10-31 11:26:34',
    0,
    NULL
  ),
  (
    13,
    26,
    14,
    'I dey',
    '2024-10-31 11:26:08',
    0,
    NULL
  ),
  (
    12,
    26,
    11,
    'how far?',
    '2024-10-31 11:25:04',
    0,
    NULL
  ),
  (
    18,
    27,
    12,
    'What\'s happening at the Mess?',
    '2024-10-31 16:56:53',
    0,
    '[\"14\"]'
  ),
  (
    19,
    27,
    12,
    'Kindly respond',
    '2024-10-31 16:59:06',
    0,
    NULL
  ),
  (
    20,
    27,
    11,
    'No nothing is happening, everything is calm.',
    '2024-10-31 16:59:34',
    0,
    '[\"14\"]'
  ),
  (
    21,
    29,
    8,
    'Hi Chiefs of Ubuntu',
    '2024-11-01 08:12:37',
    0,
    NULL
  ),
  (
    22,
    31,
    19,
    'Errr',
    '2024-11-01 09:30:32',
    0,
    NULL
  ),
  (
    23,
    32,
    19,
    'Hello world',
    '2024-11-01 09:38:01',
    0,
    NULL
  ),
  (
    24,
    34,
    19,
    'Report to John Enoh Hall by 2359 hrs',
    '2024-11-01 09:52:18',
    0,
    '[\"21\"]'
  ),
  (
    25,
    27,
    12,
    'You all should come to the Mess by 12pm',
    '2024-11-01 13:58:06',
    0,
    '[\"14\"]'
  ),
  (
    26,
    27,
    11,
    'All students report to the mess',
    '2024-11-01 14:26:58',
    0,
    '[\"14\"]'
  ),
  (
    27,
    27,
    12,
    'Hello World',
    '2024-11-01 15:27:36',
    0,
    NULL
  ),
  (
    28,
    27,
    12,
    'Can you see this?',
    '2024-11-01 15:29:08',
    0,
    NULL
  ),
  (
    29,
    26,
    11,
    'Hello Mohammed',
    '2024-11-01 15:54:10',
    0,
    NULL
  ),
  (
    30,
    26,
    14,
    'Good day Sir',
    '2024-11-01 15:54:41',
    0,
    NULL
  ),
  (
    31,
    26,
    11,
    'You need to report to the mess ASAP',
    '2024-11-01 16:05:44',
    0,
    NULL
  ),
  (
    32,
    27,
    12,
    'Mic Test 1 and 2',
    '2024-11-01 19:25:42',
    0,
    NULL
  ),
  (
    33,
    27,
    12,
    'Are you there, are you active?',
    '2024-11-01 19:26:03',
    0,
    '[\"14\"]'
  ),
  (
    34,
    27,
    11,
    'Can you all see this?',
    '2024-11-01 19:27:10',
    0,
    NULL
  ),
  (35, 27, 11, '?', '2024-11-01 19:28:02', 0, NULL),
  (
    36,
    27,
    11,
    'Hello',
    '2024-11-01 19:29:02',
    0,
    NULL
  ),
  (
    37,
    27,
    12,
    'Good day',
    '2024-11-01 20:37:42',
    0,
    NULL
  ),
  (
    38,
    27,
    11,
    'How are you doing.',
    '2024-11-01 20:37:59',
    0,
    NULL
  ),
  (
    39,
    27,
    12,
    'I am fine Sir',
    '2024-11-01 20:38:41',
    0,
    NULL
  ),
  (
    40,
    27,
    11,
    'That\'s great',
    '2024-11-01 20:41:07',
    0,
    '[\"14\"]'
  ),
  (
    41,
    26,
    14,
    'Mr. Effiong',
    '2024-11-01 21:13:00',
    0,
    NULL
  ),
  (
    42,
    27,
    11,
    'Hello everyone',
    '2024-11-02 07:25:54',
    0,
    NULL
  ),
  (
    43,
    27,
    12,
    'What\'s happening?',
    '2024-11-02 07:26:08',
    0,
    NULL
  ),
  (
    44,
    27,
    12,
    'Mohammed come to the Mess by 9am',
    '2024-11-02 07:27:08',
    0,
    NULL
  ),
  (
    45,
    27,
    11,
    'This is a video test for this morning ',
    '2024-11-02 07:29:52',
    0,
    '[\"14\"]'
  ),
  (
    46,
    27,
    12,
    'What\'s the meeting time this afternoon?',
    '2024-11-02 07:31:20',
    0,
    NULL
  ),
  (
    47,
    27,
    11,
    '15:00',
    '2024-11-02 07:31:39',
    0,
    '[\"14\"]'
  ),
  (
    48,
    41,
    19,
    'Hello all',
    '2024-11-02 09:03:44',
    0,
    '[\"21\"]'
  ),
  (
    49,
    37,
    19,
    'Report to Ahmed Makarfi Hall',
    '2024-11-02 09:20:25',
    0,
    NULL
  ),
  (
    50,
    37,
    19,
    'Ahmed Makarfi Hall',
    '2024-11-02 09:23:25',
    0,
    NULL
  ),
  (
    51,
    43,
    23,
    'Hello good morning',
    '2024-11-04 16:58:38',
    0,
    NULL
  ),
  (
    52,
    43,
    19,
    'Good morning Sir',
    '2024-11-04 16:59:51',
    0,
    NULL
  ),
  (
    53,
    43,
    19,
    'Am just seeing your message',
    '2024-11-04 22:17:43',
    0,
    NULL
  ),
  (
    54,
    43,
    23,
    'Ok Pse give me a reason why the Report on NCS55112 was not acknowlwdged',
    '2024-11-04 22:20:14',
    0,
    NULL
  ),
  (
    55,
    43,
    19,
    'Sorry I didn\'t get the notification on time',
    '2024-11-05 15:27:50',
    0,
    NULL
  ),
  (
    56,
    43,
    19,
    'I will work on the above observation explicitly ',
    '2024-11-05 22:59:51',
    0,
    NULL
  ),
  (
    57,
    43,
    23,
    'OK that\'s nice',
    '2024-11-05 23:01:20',
    0,
    NULL
  ),
  (
    58,
    44,
    23,
    'Hello all',
    '2024-11-05 23:04:18',
    0,
    NULL
  ),
  (
    59,
    44,
    23,
    'Hello',
    '2024-11-05 23:12:32',
    0,
    NULL
  ),
  (
    60,
    46,
    19,
    'Hello all',
    '2024-11-05 23:22:26',
    0,
    NULL
  ),
  (
    61,
    48,
    19,
    'Hello all members of Ubuntu Course',
    '2024-11-05 23:26:24',
    0,
    '[\"21\"]'
  ),
  (
    62,
    49,
    24,
    'Hello Sir the student is on admission.',
    '2024-11-05 23:50:46',
    0,
    NULL
  ),
  (
    63,
    49,
    19,
    'It\'s Ok',
    '2024-11-05 23:51:24',
    0,
    NULL
  ),
  (
    64,
    44,
    23,
    'Good morning all',
    '2024-11-06 11:36:53',
    0,
    NULL
  ),
  (
    65,
    46,
    19,
    'Good morning Students. The time for the rehearsal has been rescheduled to 1030hrs today Thur 7 Dec 22',
    '2024-11-06 17:03:11',
    0,
    '[\"9\"]'
  ),
  (
    66,
    48,
    19,
    'Good morning Students. The time for the rehearsal has been rescheduled to 1030hrs today Thur 7 Dec 22',
    '2024-11-06 17:03:39',
    0,
    NULL
  ),
  (
    67,
    43,
    19,
    'Good morning Students. The time for the rehearsal has been rescheduled to 1030hrs today Thur 7 Dec 22',
    '2024-11-06 17:20:41',
    0,
    NULL
  ),
  (
    68,
    43,
    19,
    'Evening Sir, I have the list of students for this course.',
    '2024-11-07 19:36:43',
    0,
    NULL
  ),
  (
    69,
    50,
    23,
    'Hi all.',
    '2024-11-07 20:38:01',
    0,
    NULL
  ),
  (
    70,
    53,
    19,
    'Hello',
    '2024-11-07 20:44:40',
    0,
    NULL
  ),
  (
    71,
    54,
    19,
    'Hello all',
    '2024-11-07 20:54:23',
    0,
    NULL
  ),
  (
    72,
    55,
    19,
    'Hello ',
    '2024-11-07 21:01:17',
    0,
    NULL
  ),
  (
    73,
    54,
    19,
    'You there?',
    '2024-11-07 22:01:53',
    0,
    NULL
  ),
  (
    74,
    54,
    19,
    'World',
    '2024-11-07 22:02:56',
    0,
    NULL
  ),
  (75, 54, 19, 'Yo', '2024-11-07 22:03:41', 0, NULL),
  (
    76,
    53,
    19,
    'World',
    '2024-11-07 22:04:18',
    0,
    NULL
  ),
  (
    77,
    53,
    19,
    'Hi everyone',
    '2024-11-07 22:08:28',
    0,
    '[\"9\"]'
  ),
  (
    78,
    54,
    19,
    'Everyone here?',
    '2024-11-07 22:09:06',
    0,
    NULL
  ),
  (
    79,
    54,
    19,
    'Anyone here?',
    '2024-11-07 22:10:14',
    0,
    NULL
  ),
  (
    80,
    43,
    19,
    'Hello',
    '2024-11-08 20:37:24',
    0,
    NULL
  ),
  (81, 43, 23, 'Hi', '2024-11-08 20:39:54', 0, NULL),
  (
    82,
    57,
    1,
    'Good day all',
    '2024-11-17 00:29:35',
    0,
    NULL
  ),
  (
    83,
    58,
    19,
    'Hello all',
    '2024-11-17 00:50:49',
    0,
    NULL
  ),
  (
    84,
    58,
    19,
    'Hello all pse let\'s meet at parade ground by 1800 hrs',
    '2024-11-30 16:55:53',
    0,
    NULL
  ),
  (
    85,
    59,
    11,
    'Hello world',
    '2024-12-02 06:19:50',
    0,
    NULL
  ),
  (
    86,
    60,
    11,
    'Hello World ',
    '2024-12-02 06:20:58',
    0,
    NULL
  ),
  (
    87,
    62,
    25,
    'Hello Students Welcome to Senior Course Pse be available on the parade ground by 1000 hrs',
    '2024-12-06 00:31:50',
    0,
    '[\"29\", \"31\", \"35\", \"39\", \"42\", \"26\", \"44\", \"37\"]'
  ),
  (
    88,
    63,
    25,
    'Hi Doctor',
    '2024-12-06 01:21:34',
    0,
    NULL
  ),
  (
    89,
    63,
    46,
    'Hello',
    '2024-12-06 13:35:31',
    0,
    NULL
  ),
  (
    90,
    64,
    25,
    'All Students are to report to the parade ground by 23.59 hrs',
    '2024-12-06 16:19:29',
    0,
    '[\"27\", \"28\", \"29\", \"30\", \"31\", \"32\"]'
  ),
  (
    91,
    64,
    25,
    'Students are to come for rehearsals by 1700 hrs',
    '2024-12-06 16:45:03',
    0,
    NULL
  ),
  (
    92,
    65,
    50,
    'Good evening',
    '2024-12-08 01:26:10',
    0,
    NULL
  ),
  (
    93,
    65,
    25,
    'Hi evening',
    '2024-12-08 01:28:05',
    0,
    NULL
  ),
  (
    94,
    63,
    46,
    'How are you.',
    '2024-12-08 01:34:16',
    0,
    NULL
  ),
  (
    95,
    67,
    46,
    'Hello',
    '2024-12-08 01:43:13',
    0,
    NULL
  ),
  (96, 67, 61, 'Hi', '2024-12-08 01:44:16', 0, NULL),
  (
    97,
    64,
    25,
    'You are to come for rehearsals',
    '2024-12-14 09:23:30',
    0,
    '[\"36\"]'
  );
-- --------------------------------------------------------
--
-- Table structure for table `officer_rank`
--

CREATE TABLE `officer_rank` (
  `id` int(11) NOT NULL,
  `name` varchar(255) NOT NULL,
  `abbreviation` varchar(10) NOT NULL,
  `officer_type` enum('senior', 'junior') NOT NULL
) ENGINE = MyISAM DEFAULT CHARSET = latin1 COLLATE = latin1_swedish_ci;
--
-- Dumping data for table `officer_rank`
--

INSERT INTO `officer_rank` (`id`, `name`, `abbreviation`, `officer_type`)
VALUES (
    4,
    'Assistant Superintendent of Customs Grade II',
    'ASC II',
    'senior'
  ),
  (
    6,
    'Deputy Superintendent of  Customs',
    'DSC',
    'senior'
  ),
  (
    7,
    'Assistant Comptroller of Customs',
    'CSC',
    'senior'
  ),
  (
    8,
    'Assistant Comptroller of Customs',
    'AC',
    'senior'
  ),
  (
    9,
    'Deputy Comptroller of Customs',
    'DC',
    'senior'
  ),
  (10, 'Comptroller of Customs', 'CC', 'senior'),
  (
    11,
    'Assistant Comptroller-General',
    'ACG',
    'senior'
  ),
  (
    12,
    'Deputy Comptroller-General',
    'DCG',
    'senior'
  ),
  (
    13,
    'Comptroller General of Customs',
    'CGC',
    'senior'
  ),
  (14, 'Customs Assistant II', 'CAII', 'junior'),
  (15, 'Customs Assistant I', 'CAI', 'junior'),
  (16, 'Inspector of Customs', 'IC', 'junior'),
  (
    17,
    'Assistant Inspector of Customs',
    'AIC',
    'junior'
  ),
  (18, 'Customs Assistant III', 'CA III', 'junior'),
  (
    19,
    'Assistant Superintendent of Customs I',
    'ASC I',
    'senior'
  ),
  (20, 'Superintendent of Customs', 'SC', 'senior'),
  (21, 'Lance Corporal', 'LCPL', 'junior'),
  (22, 'Corporal', 'CPL', 'junior');
-- --------------------------------------------------------
--
-- Table structure for table `reports`
--

CREATE TABLE `reports` (
  `id` int(11) NOT NULL,
  `document_id` varchar(255) NOT NULL,
  `created_at` timestamp NULL DEFAULT current_timestamp(),
  `details` text NOT NULL,
  `initial` varchar(10) DEFAULT NULL,
  `instructor_type` varchar(255) DEFAULT NULL,
  `instructor_uid` varchar(255) NOT NULL,
  `points` int(11) DEFAULT 0,
  `service_num` varchar(255) DEFAULT NULL,
  `status` enum('open', 'closed', 'appealed', 'confirmed') DEFAULT 'open',
  `appeal_message` text DEFAULT NULL,
  `student_uid` varchar(255) DEFAULT NULL,
  `surname` varchar(255) DEFAULT NULL,
  `type` varchar(50) DEFAULT NULL,
  `updated_at` timestamp NULL DEFAULT current_timestamp() ON UPDATE current_timestamp(),
  `created_by` varchar(255) NOT NULL,
  `updated_by` varchar(255) DEFAULT NULL,
  `course_id` int(11) NOT NULL,
  `appealed` tinyint(1) NOT NULL DEFAULT 0
) ENGINE = MyISAM DEFAULT CHARSET = latin1 COLLATE = latin1_swedish_ci;
--
-- Dumping data for table `reports`
--

INSERT INTO `reports` (
    `id`,
    `document_id`,
    `created_at`,
    `details`,
    `initial`,
    `instructor_type`,
    `instructor_uid`,
    `points`,
    `service_num`,
    `status`,
    `appeal_message`,
    `student_uid`,
    `surname`,
    `type`,
    `updated_at`,
    `created_by`,
    `updated_by`,
    `course_id`,
    `appealed`
  )
VALUES (
    1,
    '914f5aa2-52da-45f1-a510-1a18ef9da359',
    '2024-10-27 06:39:56',
    'Report to the Parade Ground by 2300 hrs',
    NULL,
    NULL,
    '8',
    0,
    NULL,
    'closed',
    NULL,
    NULL,
    NULL,
    'Blanket Report',
    '2024-10-26 22:39:56',
    'NCS44616',
    NULL,
    0,
    0
  ),
  (
    2,
    'e7e50864-01d6-4f6f-8c15-e4c2f178f5bd',
    '2024-10-27 07:25:27',
    'Punishment for missing class',
    NULL,
    NULL,
    '8',
    5,
    NULL,
    'closed',
    NULL,
    NULL,
    NULL,
    'Blanket Report',
    '2024-10-26 23:25:27',
    'NCS44616',
    NULL,
    0,
    0
  ),
  (
    3,
    'aaa75641-cb46-48cf-afab-ddda3081bad3',
    '2024-10-27 13:55:33',
    'Non compliance with Rehearsals',
    NULL,
    NULL,
    '8',
    8,
    NULL,
    'closed',
    NULL,
    NULL,
    NULL,
    'Blanket Report',
    '2024-10-27 05:55:33',
    'NCS44616',
    NULL,
    0,
    0
  ),
  (
    4,
    'e5efba24-be43-430a-996f-03421019a8a3',
    '2024-10-28 18:05:54',
    'Late to rehearsals',
    NULL,
    'both',
    'c298da11-1178-4ae1-8f8b-3ff29e014e0b',
    4,
    'NCS48391',
    'closed',
    'Please forgive us, we are sorry.!!!',
    'NCS48391',
    'CC MR BEANS',
    'Rehearsals',
    '2024-10-28 18:07:53',
    'NCS00043',
    'NCS43212',
    4,
    1
  ),
  (
    5,
    'ca63880b-14e8-4d3c-9ecf-e0e893aa7312',
    '2024-10-28 18:08:38',
    'Does not attend sporting activity.',
    NULL,
    'both',
    'c298da11-1178-4ae1-8f8b-3ff29e014e0b',
    3,
    'NCS48391',
    'closed',
    NULL,
    'NCS48391',
    'CC MR BEANS',
    'Sports',
    '2024-10-28 18:08:47',
    'NCS00043',
    'NCS43212',
    4,
    0
  ),
  (
    6,
    'ad060f59-ba22-4fe0-945e-e227709a433e',
    '2024-10-28 18:09:17',
    'Not maintaining neatness',
    NULL,
    'both',
    'c298da11-1178-4ae1-8f8b-3ff29e014e0b',
    4,
    'NCS48391',
    'closed',
    'Don\'t forgive us, we are not sorry.!!!',
    'NCS48391',
    'CC MR BEANS',
    'Syndicate Class',
    '2024-10-28 18:11:13',
    'NCS00043',
    'NCS43212',
    4,
    1
  ),
  (
    7,
    '8ab64881-dd92-42f4-8454-35c7e324af16',
    '2024-10-28 22:21:31',
    'He didn\'t come out for sports',
    NULL,
    'both',
    '0a37a350-ad05-4ba7-92b1-a6199896db2e',
    3,
    'NCS44003',
    'confirmed',
    NULL,
    'NCS44003',
    'CSC MM Abubakar',
    'Sports',
    '2024-10-28 22:22:32',
    'NCS44002',
    'NCS44001',
    5,
    0
  ),
  (
    8,
    '16e8eef7-e17a-48ce-9efb-095a6035f39e',
    '2024-10-28 22:25:08',
    'He left the Parade ground late',
    NULL,
    'both',
    '0a37a350-ad05-4ba7-92b1-a6199896db2e',
    3,
    'NCS44003',
    'confirmed',
    NULL,
    'NCS44003',
    'CSC MM Abubakar',
    'Sports',
    '2024-11-16 09:15:34',
    'NCS44002',
    'NCS44001',
    5,
    0
  ),
  (
    9,
    '5421dfaa-53fc-46c2-bd91-69b541a5b479',
    '2024-10-28 22:25:26',
    'He ran',
    NULL,
    'both',
    '0a37a350-ad05-4ba7-92b1-a6199896db2e',
    3,
    'NCS44003',
    'closed',
    NULL,
    'NCS44003',
    'CSC MM Abubakar',
    'Sports',
    '2024-11-16 09:15:27',
    'NCS44002',
    'NCS44001',
    5,
    0
  ),
  (
    10,
    'b8d00d8f-0b4b-415b-8ccf-7c2adbb3c3c0',
    '2024-10-28 22:25:44',
    'He ran',
    NULL,
    'both',
    '0a37a350-ad05-4ba7-92b1-a6199896db2e',
    3,
    'NCS44003',
    'confirmed',
    NULL,
    'NCS44003',
    'CSC MM Abubakar',
    'Kilometer Walk',
    '2024-10-31 17:34:39',
    'NCS44002',
    'NCS44001',
    5,
    0
  ),
  (
    11,
    '71103bb9-dca0-4cbb-aea4-4ba84ed9f7d2',
    '2024-10-28 22:26:50',
    'He didn\'t show',
    NULL,
    'both',
    '0a37a350-ad05-4ba7-92b1-a6199896db2e',
    3,
    'NCS44003',
    'confirmed',
    NULL,
    'NCS44003',
    'CSC MM Abubakar',
    'Mess',
    '2024-10-28 22:31:49',
    'NCS44002',
    'NCS44001',
    5,
    0
  ),
  (
    12,
    '6b092fc3-7c8a-4410-8484-d29255c21dd1',
    '2024-10-28 22:30:52',
    'He didn\'t show up',
    NULL,
    'both',
    '0a37a350-ad05-4ba7-92b1-a6199896db2e',
    3,
    'NCS44004',
    'confirmed',
    NULL,
    'NCS44004',
    'CSC ET Egbelonu',
    'Morning Drill',
    '2024-10-28 22:31:37',
    'NCS44002',
    'NCS44001',
    5,
    0
  ),
  (
    13,
    '7d9e3d42-5421-4a90-b440-6a3298c16333',
    '2024-10-29 06:33:17',
    'Ubuntu',
    NULL,
    NULL,
    '19',
    20,
    NULL,
    'closed',
    NULL,
    NULL,
    NULL,
    'Blanket Report',
    '2024-10-28 22:33:17',
    'NCS44001',
    NULL,
    5,
    0
  ),
  (
    14,
    '60061a72-f470-4792-bc94-c97b0d7854b7',
    '2024-10-29 06:34:55',
    'Ubuntu',
    NULL,
    NULL,
    '19',
    30,
    NULL,
    'closed',
    NULL,
    NULL,
    NULL,
    'Blanket Report',
    '2024-10-28 22:34:55',
    'NCS44001',
    NULL,
    5,
    0
  ),
  (
    15,
    'd4446bdd-9282-4693-a7a0-a688273b52d0',
    '2024-10-29 06:35:21',
    'Ubuntu',
    NULL,
    NULL,
    '19',
    16,
    NULL,
    'closed',
    NULL,
    NULL,
    NULL,
    'Blanket Report',
    '2024-10-28 22:35:21',
    'NCS44001',
    NULL,
    5,
    0
  ),
  (
    16,
    '969b1de4-7e98-42f1-94cf-4758a3129d99',
    '2024-10-31 19:31:13',
    'No details lol',
    NULL,
    NULL,
    '11',
    3,
    NULL,
    'closed',
    NULL,
    NULL,
    NULL,
    'Blanket Report',
    '2024-10-31 11:31:13',
    'NCS43212',
    NULL,
    4,
    0
  ),
  (
    17,
    'c901e20f-1f2f-441d-8fe1-05df1e15ed23',
    '2024-10-31 17:30:35',
    'He didn\'t go for drill',
    NULL,
    'both',
    '0a37a350-ad05-4ba7-92b1-a6199896db2e',
    3,
    'NCS93812',
    'open',
    NULL,
    'NCS93812',
    'AIC AK Mohammed',
    'Morning Drill',
    '2024-10-31 17:30:35',
    'NCS44002',
    NULL,
    2,
    0
  ),
  (
    18,
    '79d47c82-e631-48cb-ba34-97a1248b0173',
    '2024-10-31 17:38:34',
    'Mess',
    NULL,
    'both',
    '0a37a350-ad05-4ba7-92b1-a6199896db2e',
    2,
    'NCS44004',
    'confirmed',
    NULL,
    'NCS44004',
    'CSC ET Egbelonu',
    'Mess Activities',
    '2024-11-16 09:12:14',
    'NCS44002',
    'NCS44001',
    5,
    0
  ),
  (
    19,
    '78b95aa0-ca4d-4bb8-9a93-9222d8796a02',
    '2024-11-06 13:21:37',
    'The student with SVC NO: 55321 TO Taaefook arrived at the Syndicate Class 5 minutes late.',
    NULL,
    'both',
    'c298da11-1178-4ae1-8f8b-3ff29e014e0b',
    3,
    'NCS44566',
    'closed',
    'I would like to appeal the report regarding my late arrival to Syndicate Class. I was delayed due to a medical emergency that required immediate attention, which prevented me from arriving on time. I understand the importance of punctuality, but my health condition was a priority at that moment. I kindly request that this be taken into consideration when reviewing the report.',
    'NCS44566',
    'CSC ED Okpon',
    'Kilometer Walk',
    '2024-11-06 13:57:11',
    'NCS00043',
    'NCS43212',
    4,
    1
  ),
  (
    20,
    '91eb004d-ac9b-406f-8576-331dafe6d3cf',
    '2024-11-16 19:12:46',
    'Punish',
    NULL,
    NULL,
    '19',
    8,
    NULL,
    'closed',
    NULL,
    NULL,
    NULL,
    'Blanket Report',
    '2024-11-16 09:12:46',
    'NCS44001',
    NULL,
    5,
    0
  ),
  (
    21,
    'ff06d0dc-59b8-48b0-ad50-faae3be4d700',
    '2024-12-06 01:07:54',
    'He wasn\'t present for morning drill',
    NULL,
    'both',
    'e7216179-fc8b-476d-96c0-cf3f3702b442',
    3,
    'NCS46005',
    'open',
    NULL,
    'NCS46005',
    'CSC AA Adeoye',
    'Morning Drill',
    '2024-12-06 01:07:54',
    'NCS46023',
    NULL,
    7,
    0
  ),
  (
    22,
    '76f02a57-795a-4761-8898-e7459c1b6376',
    '2024-12-06 01:08:35',
    'He didn\'t show up for drill',
    NULL,
    'both',
    'e7216179-fc8b-476d-96c0-cf3f3702b442',
    3,
    'NCS46007',
    'closed',
    'I wasnt late for the early morning drill',
    'NCS46007',
    'CSC FA Abba',
    'Morning Drill',
    '2024-12-06 01:32:32',
    'NCS46023',
    'NCS46001',
    7,
    1
  ),
  (
    23,
    'f5f916d2-1db7-439e-a853-c1e677b4a8de',
    '2024-12-06 01:11:44',
    'He didn\'t go to class',
    NULL,
    'both',
    '6228d8ad-a012-429c-a85a-882c4a5d7b84',
    4,
    'NCS46008',
    'confirmed',
    NULL,
    'NCS46008',
    'CSC AR Monye',
    'Syndicate Class',
    '2024-12-06 01:29:57',
    'NCS46025',
    'NCS46001',
    7,
    0
  ),
  (
    24,
    'fc05ade1-8b52-4ab4-a17d-f22bd623b043',
    '2024-12-06 11:31:28',
    'He didn’t show up',
    NULL,
    'both',
    'e7216179-fc8b-476d-96c0-cf3f3702b442',
    3,
    'NCS46010',
    'closed',
    'I actually reported for morning drill on time',
    'NCS46010',
    'CSC AE Ezeh',
    'Morning Drill',
    '2024-12-06 11:35:07',
    'NCS46023',
    'NCS46001',
    7,
    1
  ),
  (
    25,
    '6a93e34d-ea41-4d9d-b79b-baf9e7294674',
    '2024-12-06 11:45:20',
    'He didn\'t come to morning drill',
    NULL,
    'both',
    'e7216179-fc8b-476d-96c0-cf3f3702b442',
    3,
    'NCS46010',
    'confirmed',
    NULL,
    'NCS46010',
    'CSC AE Ezeh',
    'Morning Drill',
    '2024-12-06 11:46:42',
    'NCS46023',
    'NCS46001',
    7,
    0
  ),
  (
    26,
    '106bdf73-60db-47ee-83e3-c733802a49fd',
    '2024-12-06 13:45:17',
    'Not serious, does not attend mess activities.',
    NULL,
    'both',
    'c298da11-1178-4ae1-8f8b-3ff29e014e0b',
    3,
    'NCS44566',
    'open',
    NULL,
    'NCS44566',
    'CSC ED Okpon',
    'Mess',
    '2024-12-06 13:45:17',
    'NCS00043',
    NULL,
    4,
    0
  ),
  (
    27,
    '728a9b3d-5da3-4bb8-b25f-eb9736e2701b',
    '2024-12-06 14:20:33',
    'He left the mess early.',
    NULL,
    'both',
    'e7216179-fc8b-476d-96c0-cf3f3702b442',
    2,
    'NCS46005',
    'closed',
    'Yes I actually came to the mess early',
    'NCS46005',
    'CSC AA Adeoye',
    'Mess Activities',
    '2024-12-06 14:25:05',
    'NCS46023',
    'NCS46001',
    7,
    1
  ),
  (
    28,
    'bb147124-a00f-49e4-a9d8-87acb369d35c',
    '2024-12-06 16:02:23',
    'He didn\'t come for the morning drill',
    NULL,
    'both',
    '6228d8ad-a012-429c-a85a-882c4a5d7b84',
    3,
    'NCS46012',
    'open',
    NULL,
    'NCS46012',
    'CSC Z Iboromah',
    'Morning Drill',
    '2024-12-06 16:02:23',
    'NCS46025',
    NULL,
    7,
    0
  ),
  (
    29,
    '85479c68-382b-4e69-ae7f-5299917e7f10',
    '2024-12-06 16:02:57',
    'He came late',
    NULL,
    'both',
    '6228d8ad-a012-429c-a85a-882c4a5d7b84',
    4,
    'NCS46010',
    'open',
    NULL,
    'NCS46010',
    'CSC AE Ezeh',
    'Rehearsals',
    '2024-12-06 16:02:57',
    'NCS46025',
    NULL,
    7,
    0
  ),
  (
    30,
    '439fb436-29e9-49a5-b6cd-766eb0df0a59',
    '2024-12-06 16:04:15',
    'He didn\'t go for kilometer walk on the 7 Dec 24',
    NULL,
    'both',
    '6228d8ad-a012-429c-a85a-882c4a5d7b84',
    3,
    'NCS46006',
    'closed',
    'I acually came for kilometer walk but had an accident and was hospitalized',
    'NCS46006',
    'CSC JZ Mani',
    'Kilometer Walk',
    '2024-12-06 16:09:27',
    'NCS46025',
    'NCS46001',
    7,
    1
  ),
  (
    31,
    'fb2e153b-a987-4364-a422-58317cd648ac',
    '2024-12-07 21:52:23',
    'He didn’t come to Class.',
    NULL,
    'both',
    '6228d8ad-a012-429c-a85a-882c4a5d7b84',
    4,
    'NCS46005',
    'confirmed',
    NULL,
    'NCS46005',
    'CSC AA Adeoye',
    'Syndicate Class',
    '2024-12-08 01:20:02',
    'NCS46025',
    'NCS46001',
    7,
    0
  ),
  (
    32,
    '0981e360-bdc6-408e-ba75-104f666d58c5',
    '2024-12-09 19:14:45',
    'He is on drill',
    NULL,
    'both',
    'e7216179-fc8b-476d-96c0-cf3f3702b442',
    3,
    'NCS48391',
    'open',
    NULL,
    'NCS48391',
    'CC MR BEANS',
    'Morning Drill',
    '2024-12-09 19:14:45',
    'NCS46023',
    NULL,
    4,
    0
  ),
  (
    33,
    'b7b476b7-d73b-4f5a-a75a-45824a5a9150',
    '2024-12-10 18:41:30',
    'He',
    NULL,
    'both',
    'e7216179-fc8b-476d-96c0-cf3f3702b442',
    4,
    'NCS44520',
    'open',
    NULL,
    'NCS44520',
    'CSC I AKANO',
    'Rehearsals',
    '2024-12-10 18:41:30',
    'NCS46023',
    NULL,
    8,
    0
  ),
  (
    34,
    'a126ec7f-a949-4514-af7e-2ef0bc91860a',
    '2024-12-11 00:32:45',
    'He ran',
    NULL,
    'both',
    'e7216179-fc8b-476d-96c0-cf3f3702b442',
    2,
    'NCS44488',
    'open',
    NULL,
    'NCS44488',
    'AC ER Okoi',
    'Mess Activities',
    '2024-12-11 00:32:45',
    'NCS46023',
    NULL,
    4,
    0
  ),
  (
    35,
    'b7dd98c6-0a9e-4cf9-a435-1d497ae66075',
    '2024-12-11 00:33:17',
    'How',
    NULL,
    'both',
    'e7216179-fc8b-476d-96c0-cf3f3702b442',
    3,
    'NCS44520',
    'open',
    NULL,
    'NCS44520',
    'CSC I AKANO',
    'Morning Drill',
    '2024-12-11 00:33:17',
    'NCS46023',
    NULL,
    8,
    0
  ),
  (
    36,
    '032b879a-5a03-4051-98b9-ca800c4e98e2',
    '2024-12-11 00:33:38',
    'He did ',
    NULL,
    'both',
    'e7216179-fc8b-476d-96c0-cf3f3702b442',
    2,
    'NCS44520',
    'open',
    NULL,
    'NCS44520',
    'CSC I AKANO',
    'Mess Activities',
    '2024-12-11 00:33:38',
    'NCS46023',
    NULL,
    8,
    0
  ),
  (
    37,
    '364f32cf-04ce-4230-b102-ebd38c9bf37f',
    '2024-12-11 00:33:56',
    'Ge',
    NULL,
    'both',
    'e7216179-fc8b-476d-96c0-cf3f3702b442',
    3,
    'NCS44520',
    'open',
    NULL,
    'NCS44520',
    'CSC I AKANO',
    'Mess',
    '2024-12-11 00:33:56',
    'NCS46023',
    NULL,
    8,
    0
  ),
  (
    38,
    '28a6f5c2-1042-4189-818a-7eeb40de4f04',
    '2024-12-11 00:52:08',
    'He',
    NULL,
    'both',
    'e7216179-fc8b-476d-96c0-cf3f3702b442',
    3,
    'NCS44489',
    'open',
    NULL,
    'NCS44489',
    'AC F Ibrahim',
    'Morning Drill',
    '2024-12-11 00:52:08',
    'NCS46023',
    NULL,
    8,
    0
  ),
  (
    39,
    '2adb217a-fd90-488e-bd68-c20a4b2bec5e',
    '2024-12-11 01:04:58',
    'Absent at Mess.',
    NULL,
    'both',
    '6228d8ad-a012-429c-a85a-882c4a5d7b84',
    2,
    'NCS44489',
    'open',
    NULL,
    'NCS44489',
    'AC F Ibrahim',
    'Mess Activities',
    '2024-12-11 01:04:58',
    'NCS46025',
    NULL,
    8,
    0
  ),
  (
    40,
    '289906e4-9bf5-4fea-8352-b1e5ba2462b9',
    '2024-12-11 23:22:36',
    'He was absent',
    NULL,
    'both',
    'e7216179-fc8b-476d-96c0-cf3f3702b442',
    3,
    'NCS47004',
    'open',
    NULL,
    'NCS47004',
    'CSC EP Oteri',
    'Morning Drill',
    '2024-12-11 23:22:36',
    'NCS46023',
    NULL,
    8,
    0
  ),
  (
    41,
    '3042a276-a8a2-4622-a57a-d7430cc961b1',
    '2024-12-11 23:23:32',
    'He was late for the drill.',
    NULL,
    'both',
    'e7216179-fc8b-476d-96c0-cf3f3702b442',
    3,
    'NCS47005',
    'closed',
    'I attended morning drill in earnest Sir',
    'NCS47005',
    'CSC E Mbukpa',
    'Morning Drill',
    '2024-12-11 23:39:11',
    'NCS46023',
    'NCS47777',
    8,
    1
  ),
  (
    42,
    '262e6716-20b4-4327-b009-462771ac7b0b',
    '2024-12-11 23:49:59',
    'He failed',
    NULL,
    'both',
    'e7216179-fc8b-476d-96c0-cf3f3702b442',
    4,
    'NCS48391',
    'open',
    NULL,
    'NCS48391',
    'CC MR BEANS',
    'Rehearsals',
    '2024-12-11 23:49:59',
    'NCS46023',
    NULL,
    4,
    0
  ),
  (
    43,
    '8460b4c2-3f8b-48e8-9ea5-b3ac716fdedc',
    '2024-12-12 08:10:19',
    'He stayed back',
    NULL,
    NULL,
    '5f4c6dba-5924-4b22-af5f-5db41c51c8f9',
    2,
    'NCS47005',
    'open',
    NULL,
    'NCS47005',
    'CSC E Mbukpa',
    'Mess Activities',
    '2024-12-12 08:10:19',
    'NCS47010',
    NULL,
    8,
    0
  ),
  (
    44,
    'ab4f6b81-cdd7-4f9e-914b-c704713acbcf',
    '2024-12-12 08:14:54',
    'He’s crying',
    NULL,
    NULL,
    '35dd431c-e77c-4141-b745-a69aadadaee0',
    3,
    'NCS47005',
    'open',
    NULL,
    'NCS47005',
    'CSC E Mbukpa',
    'Morning Drill',
    '2024-12-12 08:14:54',
    'NCS47011',
    NULL,
    8,
    0
  ),
  (
    45,
    '63ccaae0-2e6b-450e-a852-d51dcff5ef07',
    '2024-12-14 08:52:44',
    'He didn’t go',
    NULL,
    'both',
    'e7216179-fc8b-476d-96c0-cf3f3702b442',
    3,
    'NCS48391',
    'open',
    NULL,
    'NCS48391',
    'CC MR BEANS',
    'Mess',
    '2024-12-14 08:52:44',
    'NCS46023',
    NULL,
    4,
    0
  ),
  (
    46,
    'de5b2c22-7a2c-4240-9bb3-f1c121dcd617',
    '2024-12-15 10:07:13',
    'He didn’t report',
    NULL,
    'both',
    'e7216179-fc8b-476d-96c0-cf3f3702b442',
    2,
    'NCS42134',
    'open',
    NULL,
    'NCS42134',
    'ACG GF Ifeanyi',
    'Mess Activities',
    '2024-12-15 10:07:13',
    'NCS46023',
    NULL,
    4,
    0
  ),
  (
    47,
    '20fb3799-64c3-4907-b049-30c365af209a',
    '2024-12-16 16:42:44',
    'He didn’t pay for his drink',
    NULL,
    NULL,
    '9e033460-0488-495b-b06f-90437ac8395a',
    2,
    'NCS47004',
    'open',
    NULL,
    'NCS47004',
    'CSC EP Oteri',
    'Mess Activities',
    '2024-12-16 16:42:44',
    'NCS46001',
    NULL,
    8,
    0
  ),
  (
    48,
    '08e2e919-9525-46ca-bbc1-c7ddc3dc6e77',
    '2024-12-16 17:10:27',
    'He didn’t show up',
    NULL,
    NULL,
    '48051b7b-4b46-4201-bf73-acc0201d83d3',
    3,
    'NCS47066',
    'closed',
    NULL,
    'NCS47066',
    'CSC E Zacharry',
    'Morning Drill',
    '2024-12-16 17:29:43',
    'NCS47062',
    'NCS47060',
    10,
    0
  ),
  (
    49,
    'eb63fa01-8481-47ad-8ef4-e21bc444ac25',
    '2024-12-16 17:11:51',
    'His clothes were dirty ',
    NULL,
    NULL,
    '034566f9-869f-4d50-96eb-ea538e80956a',
    4,
    'NCS47069',
    'confirmed',
    NULL,
    'NCS47069',
    'CSC ER Okon',
    'Shining Parade',
    '2024-12-16 17:29:39',
    'NCS47061',
    'NCS47060',
    10,
    0
  ),
  (
    50,
    'c21709d1-b49c-4ea1-a5b6-c79c019dbb22',
    '2024-12-16 17:13:44',
    'He came late.',
    NULL,
    NULL,
    '48051b7b-4b46-4201-bf73-acc0201d83d3',
    4,
    'NCS47070',
    'confirmed',
    NULL,
    'NCS47070',
    'CSC AR Omiete',
    'Rehearsals',
    '2024-12-16 17:35:37',
    'NCS47062',
    'NCS47060',
    10,
    0
  ),
  (
    51,
    '3974c1e6-0b81-4430-ae50-acc6fd572074',
    '2024-12-16 17:15:16',
    'He came late for Sports.',
    NULL,
    NULL,
    '48051b7b-4b46-4201-bf73-acc0201d83d3',
    3,
    'NCS47065',
    'confirmed',
    NULL,
    'NCS47065',
    'CSC R Ogah',
    'Sports',
    '2024-12-16 17:29:34',
    'NCS47062',
    'NCS47060',
    10,
    0
  ),
  (
    52,
    '160d7136-ca9c-499e-a0eb-d7c711e004c2',
    '2024-12-16 18:31:52',
    'He slept off',
    NULL,
    NULL,
    '48051b7b-4b46-4201-bf73-acc0201d83d3',
    2,
    'NCS47005',
    'open',
    NULL,
    'NCS47005',
    'CSC E Mbukpa',
    'Mess Activities',
    '2024-12-16 18:31:52',
    'NCS47062',
    NULL,
    8,
    0
  ),
  (
    53,
    'ab033c35-3fa9-4413-aed1-d66fa6c2b4e0',
    '2024-12-16 18:33:05',
    'Slept off a ',
    NULL,
    NULL,
    '48051b7b-4b46-4201-bf73-acc0201d83d3',
    3,
    'NCS44488',
    'open',
    NULL,
    'NCS44488',
    'AC ER Okoi',
    'Kilometer Walk',
    '2024-12-16 18:33:05',
    'NCS47062',
    NULL,
    4,
    0
  ),
  (
    54,
    '47d3e048-0214-4945-9fa4-608d2038258d',
    '2024-12-19 11:40:19',
    'He was sick',
    NULL,
    'both',
    '7f7c4ffd-bf52-4c75-89b3-c02bef21e33e',
    4,
    'NCS47005',
    'open',
    NULL,
    'NCS47005',
    'CSC E Mbukpa',
    'Rehearsals',
    '2024-12-19 11:40:19',
    'NCS47063',
    NULL,
    8,
    0
  ),
  (
    55,
    'e3585fe9-409b-422b-ad2c-91251e52e939',
    '2024-12-19 11:45:08',
    'He slept',
    NULL,
    'both',
    '7f7c4ffd-bf52-4c75-89b3-c02bef21e33e',
    2,
    'NCS47070',
    'open',
    NULL,
    'NCS47070',
    'CSC AR Omiete',
    'Mess Activities',
    '2024-12-19 11:45:08',
    'NCS47063',
    NULL,
    10,
    0
  ),
  (
    56,
    '654591bf-08d3-4f30-8448-e4a6989e1a01',
    '2024-12-19 17:32:19',
    'He didn’t go to the Mess',
    NULL,
    'both',
    '7f7c4ffd-bf52-4c75-89b3-c02bef21e33e',
    2,
    'NCS47066',
    'open',
    NULL,
    'NCS47066',
    'CSC E Zacharry',
    'Mess Activities',
    '2024-12-19 17:32:19',
    'NCS47063',
    NULL,
    10,
    0
  ),
  (
    57,
    'bb53ff30-243b-4009-a6cc-d2533da46444',
    '2024-12-19 17:32:19',
    'He didn’t go to the Mess',
    NULL,
    'both',
    '7f7c4ffd-bf52-4c75-89b3-c02bef21e33e',
    2,
    'NCS47066',
    'open',
    NULL,
    'NCS47066',
    'CSC E Zacharry',
    'Mess Activities',
    '2024-12-19 17:32:19',
    'NCS47063',
    NULL,
    10,
    0
  );
-- --------------------------------------------------------
--
-- Table structure for table `roles`
--

CREATE TABLE `roles` (
  `id` int(11) NOT NULL,
  `name` enum(
    'Student',
    'Admin',
    'Instructor',
    'Term Coordinator',
    'Chief Instructor',
    'Deputy Commandant',
    'Commandant',
    'Member of Directing Staff',
    'SuperAdmin',
    'Medical',
    'Member of Administrative Staff',
    'Course Officer'
  ) DEFAULT NULL
) ENGINE = MyISAM DEFAULT CHARSET = latin1 COLLATE = latin1_swedish_ci;
--
-- Dumping data for table `roles`
--

INSERT INTO `roles` (`id`, `name`)
VALUES (1, 'Student'),
  (2, 'Admin'),
  (3, 'Instructor'),
  (4, 'Term Coordinator'),
  (5, 'Chief Instructor'),
  (6, 'Deputy Commandant'),
  (7, 'Commandant'),
  (8, 'Member of Directing Staff'),
  (9, 'SuperAdmin'),
  (10, 'Medical'),
  (11, 'Member of Administrative Staff'),
  (12, 'Course Officer');
-- --------------------------------------------------------
--
-- Table structure for table `role_permissions`
--

CREATE TABLE `role_permissions` (
  `id` int(11) NOT NULL,
  `role_id` int(11) NOT NULL,
  `permission` varchar(255) NOT NULL,
  `route` varchar(255) NOT NULL
) ENGINE = MyISAM DEFAULT CHARSET = latin1 COLLATE = latin1_swedish_ci;
-- --------------------------------------------------------
--
-- Table structure for table `service_paper_assignments`
--

CREATE TABLE `service_paper_assignments` (
  `id` int(11) NOT NULL,
  `coordinator_id` int(11) NOT NULL,
  `sponsored_ds_id` int(11) NOT NULL,
  `category_id` int(11) NOT NULL,
  `course_id` int(11) NOT NULL,
  `created_at` timestamp NOT NULL DEFAULT current_timestamp()
) ENGINE = MyISAM DEFAULT CHARSET = latin1 COLLATE = latin1_swedish_ci;
--
-- Dumping data for table `service_paper_assignments`
--

INSERT INTO `service_paper_assignments` (
    `id`,
    `coordinator_id`,
    `sponsored_ds_id`,
    `category_id`,
    `course_id`,
    `created_at`
  )
VALUES (1, 49, 49, 1, 7, '2024-12-11 12:12:40'),
  (2, 49, 49, 3, 7, '2024-12-11 23:01:49'),
  (3, 74, 74, 1, 10, '2024-12-16 18:45:11'),
  (4, 79, 79, 1, 10, '2024-12-16 18:50:31');
-- --------------------------------------------------------
--
-- Table structure for table `service_paper_categories`
--

CREATE TABLE `service_paper_categories` (
  `id` int(11) NOT NULL,
  `title` varchar(255) NOT NULL,
  `course_type` enum('Senior Course', 'Junior Course', 'Both') NOT NULL,
  `created_at` timestamp NOT NULL DEFAULT current_timestamp(),
  `updated_at` timestamp NOT NULL DEFAULT current_timestamp() ON UPDATE current_timestamp(),
  `created_by` text NOT NULL
) ENGINE = MyISAM DEFAULT CHARSET = latin1 COLLATE = latin1_swedish_ci;
--
-- Dumping data for table `service_paper_categories`
--

INSERT INTO `service_paper_categories` (
    `id`,
    `title`,
    `course_type`,
    `created_at`,
    `updated_at`,
    `created_by`
  )
VALUES (
    1,
    'Individual Service Paper',
    'Both',
    '2024-12-11 16:44:23',
    '2024-12-11 11:44:23',
    'NCS12345'
  ),
  (
    2,
    'WAM Service Paper',
    'Senior Course',
    '2024-12-11 16:49:51',
    '2024-12-11 11:49:51',
    'NCS12345'
  ),
  (
    3,
    'Leadership Service Paper',
    'Senior Course',
    '2024-12-11 17:07:00',
    '2024-12-11 12:07:00',
    'NCS44444'
  );
-- --------------------------------------------------------
--
-- Table structure for table `service_paper_stages`
--

CREATE TABLE `service_paper_stages` (
  `id` int(11) NOT NULL,
  `category_id` int(11) NOT NULL,
  `stage_name` varchar(255) NOT NULL,
  `created_at` timestamp NOT NULL DEFAULT current_timestamp(),
  `start_timestamp` datetime NOT NULL,
  `end_timestamp` datetime NOT NULL,
  `duration_days` int(11) GENERATED ALWAYS AS (
    to_days(`end_timestamp`) - to_days(`start_timestamp`)
  ) STORED,
  `course_id` int(11) NOT NULL,
  `punishment_point` int(11) NOT NULL DEFAULT 0
) ENGINE = MyISAM DEFAULT CHARSET = latin1 COLLATE = latin1_swedish_ci;
-- --------------------------------------------------------
--
-- Table structure for table `student_service_papers`
--

CREATE TABLE `student_service_papers` (
  `id` int(11) NOT NULL,
  `student_id` int(11) NOT NULL,
  `supervising_ds_id` int(11) NOT NULL,
  `chief_instructor_id` int(11) NOT NULL,
  `category_id` int(11) NOT NULL,
  `stage_id` int(11) NOT NULL,
  `stage_status` enum('Pending', 'Submitted', 'Approved') DEFAULT 'Pending',
  `created_at` timestamp NOT NULL DEFAULT current_timestamp(),
  `updated_at` timestamp NOT NULL DEFAULT current_timestamp() ON UPDATE current_timestamp(),
  `course_id` int(11) NOT NULL
) ENGINE = MyISAM DEFAULT CHARSET = latin1 COLLATE = latin1_swedish_ci;
-- --------------------------------------------------------
--
-- Table structure for table `users`
--

CREATE TABLE `users` (
  `id` int(11) NOT NULL,
  `document_id` varchar(255) NOT NULL,
  `attendance` longtext CHARACTER SET utf8mb4 COLLATE utf8mb4_bin DEFAULT NULL CHECK (json_valid(`attendance`)),
  `command_id` int(11) DEFAULT NULL,
  `course_id` int(11) DEFAULT NULL,
  `course_type` enum('SC', 'JC') DEFAULT NULL,
  `course_year` year(4) DEFAULT NULL,
  `created_at` timestamp NULL DEFAULT current_timestamp(),
  `email` varchar(255) NOT NULL,
  `fcm_token` varchar(255) DEFAULT NULL,
  `grade` int(11) DEFAULT NULL,
  `initial` varchar(10) DEFAULT NULL,
  `instructor_type_id` int(11) DEFAULT NULL,
  `instructor_type` varchar(255) DEFAULT NULL,
  `is_verified` tinyint(1) DEFAULT 0,
  `otp` varchar(255) DEFAULT NULL,
  `otp_expiration` timestamp NULL DEFAULT NULL,
  `phone_number` varchar(15) DEFAULT NULL,
  `profile_image_url` varchar(255) DEFAULT NULL,
  `reports_list` longtext CHARACTER SET utf8mb4 COLLATE utf8mb4_bin DEFAULT NULL CHECK (json_valid(`reports_list`)),
  `role_id` int(11) NOT NULL,
  `service_num` varchar(255) DEFAULT NULL,
  `session_id` varchar(255) DEFAULT NULL,
  `surname` varchar(255) NOT NULL,
  `uid` varchar(255) NOT NULL,
  `unit_id` int(11) DEFAULT NULL,
  `updated_at` timestamp NULL DEFAULT current_timestamp() ON UPDATE current_timestamp(),
  `user_type` varchar(50) DEFAULT NULL,
  `rank_id` int(11) DEFAULT NULL,
  `password` varchar(255) NOT NULL,
  `pass_start` datetime DEFAULT NULL,
  `pass_end` datetime DEFAULT NULL,
  `pass` tinyint(1) NOT NULL DEFAULT 0,
  `sick_leave_start` datetime DEFAULT NULL,
  `sick_leave_end` datetime DEFAULT NULL,
  `sick_leave` tinyint(1) NOT NULL DEFAULT 0,
  `sick_leave_remark` text DEFAULT NULL,
  `pass_note_remark` text DEFAULT NULL,
  `kilometer_walk_total_distance` decimal(10, 2) NOT NULL DEFAULT 0.00,
  `kilometer_walk_current_distance` decimal(10, 2) NOT NULL DEFAULT 0.00
) ENGINE = MyISAM DEFAULT CHARSET = latin1 COLLATE = latin1_swedish_ci;
--
-- Dumping data for table `users`
--

INSERT INTO `users` (
    `id`,
    `document_id`,
    `attendance`,
    `command_id`,
    `course_id`,
    `course_type`,
    `course_year`,
    `created_at`,
    `email`,
    `fcm_token`,
    `grade`,
    `initial`,
    `instructor_type_id`,
    `instructor_type`,
    `is_verified`,
    `otp`,
    `otp_expiration`,
    `phone_number`,
    `profile_image_url`,
    `reports_list`,
    `role_id`,
    `service_num`,
    `session_id`,
    `surname`,
    `uid`,
    `unit_id`,
    `updated_at`,
    `user_type`,
    `rank_id`,
    `password`,
    `pass_start`,
    `pass_end`,
    `pass`,
    `sick_leave_start`,
    `sick_leave_end`,
    `sick_leave`,
    `sick_leave_remark`,
    `pass_note_remark`,
    `kilometer_walk_total_distance`,
    `kilometer_walk_current_distance`
  )
VALUES (
    63,
    '32c5f8fe-39a2-45e2-af29-a31ec035fdc1',
    NULL,
    NULL,
    NULL,
    NULL,
    NULL,
    '2024-12-11 00:41:39',
    'danielantia@gmail.com',
    NULL,
    NULL,
    '',
    NULL,
    NULL,
    0,
    NULL,
    NULL,
    '',
    NULL,
    NULL,
    11,
    'NCS46040',
    NULL,
    'DE Angyu',
    '32c5f8fe-39a2-45e2-af29-a31ec035fdc1',
    NULL,
    '2024-12-11 00:49:21',
    'Member of Administrative Staff',
    8,
    '$2a$10$e3C54dyzkJaA5KExYTkjvuouwHpY3bC/QdUroVHVnDWbi3Qg74M1W',
    NULL,
    NULL,
    0,
    NULL,
    NULL,
    0,
    NULL,
    NULL,
    0.00,
    0.00
  ),
  (
    62,
    '68e8d81d-91ae-4c61-83ca-d8338ef7a223',
    NULL,
    NULL,
    NULL,
    NULL,
    NULL,
    '2024-12-10 18:38:04',
    'danielantia@gmail.com',
    NULL,
    NULL,
    '',
    NULL,
    NULL,
    0,
    NULL,
    NULL,
    '',
    NULL,
    NULL,
    11,
    'NCS46035',
    NULL,
    'MA Ulo',
    '68e8d81d-91ae-4c61-83ca-d8338ef7a223',
    NULL,
    '2024-12-10 18:39:21',
    'Member of Administrative Staff',
    8,
    '$2a$10$P6ALiS/RhWaShLHm.HbvzuFxV5FigU2Sj1wbwo5LbYCXSS7Y6SxE2',
    NULL,
    NULL,
    0,
    NULL,
    NULL,
    0,
    NULL,
    NULL,
    0.00,
    0.00
  ),
  (
    61,
    '16d9f2d5-e2ec-4157-88ca-a09c32cccfe8',
    NULL,
    NULL,
    5,
    'SC',
    NULL,
    '2024-12-08 01:38:24',
    'danielantia@gmail.com',
    NULL,
    NULL,
    '',
    NULL,
    NULL,
    0,
    NULL,
    NULL,
    '',
    NULL,
    NULL,
    4,
    'NCS46030',
    NULL,
    'ED Akpan',
    '16d9f2d5-e2ec-4157-88ca-a09c32cccfe8',
    NULL,
    '2024-12-08 01:41:24',
    'Term Coordinator',
    8,
    '$2a$10$yyQK5opQ.PdPnwPMdukOnOsoilS33/yF/EOmDKZvc4.1i/guyLjp.',
    NULL,
    NULL,
    0,
    NULL,
    NULL,
    0,
    NULL,
    NULL,
    0.00,
    0.00
  ),
  (
    60,
    '3a6847bd-944c-494d-b5aa-73957251cae2',
    NULL,
    NULL,
    7,
    'SC',
    NULL,
    '2024-12-07 21:32:07',
    'danielantia@gmail.com',
    NULL,
    100,
    NULL,
    NULL,
    NULL,
    0,
    NULL,
    NULL,
    '',
    NULL,
    NULL,
    1,
    'NCS46029',
    NULL,
    'EE Mohammed',
    '3a6847bd-944c-494d-b5aa-73957251cae2',
    NULL,
    '2024-12-07 21:32:07',
    'Student',
    7,
    '$2b$10$57/7oWdWAP4hvgdOpkWp6Ob8lD/rg9eO2ZIYqB3SDzmk6aicjGOxm',
    NULL,
    NULL,
    0,
    NULL,
    NULL,
    0,
    NULL,
    NULL,
    0.00,
    0.00
  ),
  (
    59,
    'c3b1a85a-d067-4e47-ba27-a96a2be007d3',
    NULL,
    NULL,
    7,
    'SC',
    NULL,
    '2024-12-07 21:31:20',
    'danielantia@gmail.com',
    NULL,
    100,
    NULL,
    NULL,
    NULL,
    0,
    NULL,
    NULL,
    '',
    NULL,
    NULL,
    1,
    'NCS46028',
    NULL,
    'ER Tukur',
    'c3b1a85a-d067-4e47-ba27-a96a2be007d3',
    NULL,
    '2024-12-07 21:31:20',
    'Student',
    7,
    '$2b$10$KArtFx47t4T5KgqCZH3HL.x6PSSHf5mBOYoV7vc8nw07PVwCoDTaK',
    NULL,
    NULL,
    0,
    NULL,
    NULL,
    0,
    NULL,
    NULL,
    0.00,
    0.00
  ),
  (
    58,
    '4a5a3977-4c1e-46e8-87d8-9b24bbdaf47e',
    NULL,
    NULL,
    4,
    'JC',
    NULL,
    '2024-12-07 21:14:51',
    'by.segunmoses@gmail.com',
    NULL,
    100,
    NULL,
    NULL,
    NULL,
    0,
    NULL,
    NULL,
    '',
    NULL,
    NULL,
    1,
    'NCS42134',
    NULL,
    'GF Ifeanyi',
    '4a5a3977-4c1e-46e8-87d8-9b24bbdaf47e',
    NULL,
    '2024-12-07 21:14:51',
    'Student',
    11,
    '$2b$10$1mg6NAXpcqIMzVRLr/iwkuMlCP4YSBCUfQnBmNiaNLY55hZRA8Vka',
    NULL,
    NULL,
    0,
    NULL,
    NULL,
    0,
    NULL,
    NULL,
    0.00,
    0.00
  ),
  (
    57,
    'a282dae5-5245-4b92-9a2a-d79d00ef03ad',
    NULL,
    NULL,
    4,
    'JC',
    NULL,
    '2024-12-07 21:14:26',
    'by.segunmoses@gmail.com',
    NULL,
    100,
    NULL,
    NULL,
    NULL,
    0,
    NULL,
    NULL,
    '',
    NULL,
    NULL,
    1,
    'NCS94231',
    NULL,
    'BD Bright',
    'a282dae5-5245-4b92-9a2a-d79d00ef03ad',
    NULL,
    '2024-12-07 21:14:26',
    'Student',
    11,
    '$2b$10$kNN2nOiXcWm7G./XQXln/uIf3JZfiJsCZXRDvBdgnXt/OasjJflNG',
    NULL,
    NULL,
    0,
    NULL,
    NULL,
    0,
    NULL,
    NULL,
    0.00,
    0.00
  ),
  (
    56,
    '09419271-7907-4ebe-94c3-56a7ce8d4d56',
    NULL,
    NULL,
    8,
    'JC',
    NULL,
    '2024-12-06 15:57:19',
    'isaac2208@gmail.com',
    NULL,
    100,
    NULL,
    NULL,
    NULL,
    0,
    NULL,
    NULL,
    '08058201839',
    NULL,
    NULL,
    1,
    'NCS44520',
    NULL,
    'I AKANO',
    '09419271-7907-4ebe-94c3-56a7ce8d4d56',
    NULL,
    '2024-12-10 18:40:36',
    'Student',
    7,
    '$2b$10$zLMzspOnPiw.8.4.cjm5eO.0IoOde9O.PvkkeI4DliLpUS7SsXKYO',
    '2024-12-11 00:00:00',
    '2024-12-12 00:00:00',
    1,
    NULL,
    NULL,
    0,
    NULL,
    'Pass for 2 days',
    0.00,
    0.00
  ),
  (
    55,
    '0cfea585-d5bc-4a2d-b4f2-63aa782679f6',
    NULL,
    NULL,
    7,
    'SC',
    NULL,
    '2024-12-06 15:56:04',
    'danielantia@gmail.com',
    NULL,
    95,
    NULL,
    NULL,
    NULL,
    0,
    NULL,
    NULL,
    '08080800700',
    'uploads/profile/NCS46200.jpeg',
    NULL,
    1,
    'NCS46200',
    NULL,
    'OD Adam',
    '0cfea585-d5bc-4a2d-b4f2-63aa782679f6',
    NULL,
    '2024-12-06 16:25:18',
    'Student',
    20,
    '$2b$10$OvHtyYckqWGnnR3zG4t8ZelhhdEhq6mbYT.rnNb8edkmUmG9F83R6',
    NULL,
    NULL,
    0,
    NULL,
    NULL,
    0,
    NULL,
    NULL,
    0.00,
    0.00
  ),
  (
    54,
    '6b603fff-f690-4501-b625-cc11a79a1bdd',
    NULL,
    NULL,
    7,
    'SC',
    NULL,
    '2024-12-06 15:54:55',
    'nwankwegusol@yahoo.com',
    NULL,
    NULL,
    '',
    NULL,
    NULL,
    0,
    NULL,
    NULL,
    '08038965721',
    NULL,
    NULL,
    4,
    'NCS44658',
    NULL,
    'S NWANKWEGU ',
    '6b603fff-f690-4501-b625-cc11a79a1bdd',
    NULL,
    '2024-12-06 15:54:55',
    'Term Coordinator',
    8,
    '$2b$10$9Ru8MLwOlfBgcWfv9XgQv.Kk.95joWPOcls9jMhDdvQ.b5csk/cGa',
    NULL,
    NULL,
    0,
    NULL,
    NULL,
    0,
    NULL,
    NULL,
    0.00,
    0.00
  ),
  (
    53,
    'e4a423fc-35c5-4f75-b75d-b4c54009fccf',
    NULL,
    NULL,
    8,
    'JC',
    NULL,
    '2024-12-06 15:54:37',
    'ibrahimfaruku@rocketmail.com',
    NULL,
    100,
    NULL,
    NULL,
    NULL,
    0,
    NULL,
    NULL,
    '07069082195',
    'uploads/profile/NCS44489.jpg',
    NULL,
    1,
    'NCS44489',
    NULL,
    'F Ibrahim',
    'e4a423fc-35c5-4f75-b75d-b4c54009fccf',
    NULL,
    '2024-12-11 00:51:13',
    'Student',
    8,
    '$2b$10$zDDmGfnEfZEpThN3Y3SQI.Hfi1TBonKhxmGYAEPPJt0fYOac5hLxm',
    '2024-12-11 00:00:00',
    '2024-12-12 00:00:00',
    1,
    NULL,
    NULL,
    0,
    NULL,
    'He did move',
    0.00,
    0.00
  ),
  (
    52,
    '7471f628-6d87-4638-905e-c5307aa2294f',
    NULL,
    NULL,
    8,
    'JC',
    NULL,
    '2024-12-06 15:51:02',
    'wfnamdi@gmail.com',
    NULL,
    NULL,
    '',
    NULL,
    NULL,
    0,
    NULL,
    NULL,
    '0709104443',
    NULL,
    NULL,
    4,
    'NCS44501',
    NULL,
    'NC Arukwe',
    '7471f628-6d87-4638-905e-c5307aa2294f',
    NULL,
    '2024-12-06 15:51:02',
    'Term Coordinator',
    8,
    '$2b$10$fQvbXqfx56TZ24WvGw/Hj.yVIMaEWB/kIXdGcSfzliMKtf9JNrYdW',
    NULL,
    NULL,
    0,
    NULL,
    NULL,
    0,
    NULL,
    NULL,
    0.00,
    0.00
  ),
  (
    50,
    '002b46be-b0f8-403a-9f8f-417aba58b037',
    NULL,
    NULL,
    7,
    'SC',
    NULL,
    '2024-12-06 01:00:07',
    'danielantia@gmail.com',
    NULL,
    NULL,
    '',
    NULL,
    NULL,
    0,
    NULL,
    NULL,
    '08080800700',
    NULL,
    NULL,
    11,
    'NCS46026',
    NULL,
    'A Adamu',
    '002b46be-b0f8-403a-9f8f-417aba58b037',
    NULL,
    '2024-12-06 01:04:13',
    'Member of Administrative Staff',
    19,
    '$2a$10$iDRjgupYHNwCLj3O/WQMmOkWPu1QSZ/HFiR0T4ekCGUz0YK7/u8ou',
    NULL,
    NULL,
    0,
    NULL,
    NULL,
    0,
    NULL,
    NULL,
    0.00,
    0.00
  ),
  (
    49,
    '6228d8ad-a012-429c-a85a-882c4a5d7b84',
    NULL,
    NULL,
    7,
    'SC',
    NULL,
    '2024-12-06 00:59:13',
    'danielantia@gmail.com',
    NULL,
    NULL,
    '',
    8,
    'both',
    0,
    NULL,
    NULL,
    '08080800700',
    NULL,
    NULL,
    8,
    'NCS46025',
    NULL,
    'N Okeke',
    '6228d8ad-a012-429c-a85a-882c4a5d7b84',
    NULL,
    '2024-12-06 01:03:44',
    'Member of Directing Staff',
    8,
    '$2a$10$8UZ.UfEJv5FL5wv7A4CCNOOLQCH/.Um/5bZi77.QVy0c8n7zmsFju',
    NULL,
    NULL,
    0,
    NULL,
    NULL,
    0,
    NULL,
    NULL,
    0.00,
    0.00
  ),
  (
    48,
    '6fc532e5-e1b8-44d0-a41d-8101bb6eb1e2',
    NULL,
    NULL,
    7,
    'SC',
    NULL,
    '2024-12-06 00:57:48',
    'danielantia@gmail.com',
    NULL,
    NULL,
    '',
    NULL,
    NULL,
    0,
    NULL,
    NULL,
    '08080800700',
    NULL,
    NULL,
    5,
    'NCS46024',
    NULL,
    'IH Otu',
    '6fc532e5-e1b8-44d0-a41d-8101bb6eb1e2',
    NULL,
    '2024-12-06 01:03:16',
    'Chief Instructor',
    8,
    '$2a$10$8wMCqnnrYB5BXGTPrDDw0eyVF2LbKqh5.Gk4xlpd4HSxev3sNtorW',
    NULL,
    NULL,
    0,
    NULL,
    NULL,
    0,
    NULL,
    NULL,
    0.00,
    0.00
  ),
  (
    47,
    'e7216179-fc8b-476d-96c0-cf3f3702b442',
    NULL,
    NULL,
    NULL,
    NULL,
    NULL,
    '2024-12-06 00:56:43',
    'danielantia@gmail.com',
    NULL,
    NULL,
    '',
    11,
    'both',
    0,
    NULL,
    NULL,
    '08080800700',
    NULL,
    NULL,
    3,
    'NCS46023',
    NULL,
    'BO Godwin',
    'e7216179-fc8b-476d-96c0-cf3f3702b442',
    NULL,
    '2024-12-06 01:02:45',
    'Instructor',
    21,
    '$2a$10$ILZDB/4ex5dif/7G92Xm9O6iCXn6Mz2q0e.4zuOVufnsgAqVnHxJy',
    NULL,
    NULL,
    0,
    NULL,
    NULL,
    0,
    NULL,
    NULL,
    0.00,
    0.00
  ),
  (
    46,
    '697262ae-d4d9-480a-ac9b-7c958171def2',
    NULL,
    NULL,
    NULL,
    NULL,
    NULL,
    '2024-12-06 00:45:55',
    'danielantia@gmail.com',
    NULL,
    NULL,
    '',
    NULL,
    NULL,
    0,
    NULL,
    NULL,
    '08080800700',
    NULL,
    NULL,
    10,
    'NCS46022',
    NULL,
    'AK Akan',
    '697262ae-d4d9-480a-ac9b-7c958171def2',
    NULL,
    '2024-12-06 01:02:19',
    'Medical',
    6,
    '$2a$10$GKxDt8zVr22vHDbKRbFo5.JUo.41MJZe1VVtBaiFID5q2Y.1yes8K',
    NULL,
    NULL,
    0,
    NULL,
    NULL,
    0,
    NULL,
    NULL,
    0.00,
    0.00
  ),
  (
    45,
    '8705d67c-ee47-41b0-84d6-5978383c0cd3',
    NULL,
    NULL,
    7,
    'SC',
    NULL,
    '2024-12-05 23:49:09',
    'danielantia@gmail.com',
    NULL,
    95,
    NULL,
    NULL,
    NULL,
    0,
    NULL,
    NULL,
    '',
    'uploads/profile/NCS46021.jpeg',
    NULL,
    1,
    'NCS46021',
    NULL,
    'Z Achu',
    '8705d67c-ee47-41b0-84d6-5978383c0cd3',
    NULL,
    '2024-12-06 16:25:18',
    'Student',
    7,
    '$2a$10$NdXZY.fuKpwoM0uC.I3VweAUDEQbi.jAr9JBbH6PkzcyyZt7BlZ6K',
    NULL,
    NULL,
    0,
    NULL,
    NULL,
    0,
    NULL,
    NULL,
    0.00,
    0.00
  ),
  (
    44,
    '546448ae-c327-4d73-8a11-4f529396f20e',
    NULL,
    NULL,
    7,
    'SC',
    NULL,
    '2024-12-05 23:48:47',
    'danielantia@gmail.com',
    NULL,
    95,
    NULL,
    NULL,
    NULL,
    0,
    NULL,
    NULL,
    '',
    'uploads/profile/NCS46020.jpeg',
    NULL,
    1,
    'NCS46020',
    NULL,
    'OI Okon',
    '546448ae-c327-4d73-8a11-4f529396f20e',
    NULL,
    '2024-12-06 16:25:18',
    'Student',
    7,
    '$2a$10$SVzJYKHU69aOItmsAgtEIeb2fuaEBh0/f2Ugeu9WWYDrqKxBw/4Uy',
    NULL,
    NULL,
    0,
    NULL,
    NULL,
    0,
    NULL,
    NULL,
    0.00,
    0.00
  ),
  (
    43,
    'abb7e609-3049-48e0-a43d-8bfb25c26ecd',
    NULL,
    NULL,
    7,
    'SC',
    NULL,
    '2024-12-05 23:48:24',
    'danielantia@gmail.com',
    NULL,
    95,
    NULL,
    NULL,
    NULL,
    0,
    NULL,
    NULL,
    '',
    'uploads/profile/NCS46019.jpeg',
    NULL,
    1,
    'NCS46019',
    NULL,
    'AT Sanusi',
    'abb7e609-3049-48e0-a43d-8bfb25c26ecd',
    NULL,
    '2024-12-06 16:25:18',
    'Student',
    7,
    '$2a$10$0f1wyYZDlfD8XjQVmDanduJv9NOMb71nvLP5JP.Bxpy4nSIiclsB.',
    NULL,
    NULL,
    0,
    NULL,
    NULL,
    0,
    NULL,
    NULL,
    0.00,
    0.00
  ),
  (
    42,
    '22c3ff99-96ec-4968-92cf-797acdae265c',
    NULL,
    NULL,
    7,
    'SC',
    NULL,
    '2024-12-05 23:47:58',
    'danielantia@gmail.com',
    NULL,
    95,
    NULL,
    NULL,
    NULL,
    0,
    NULL,
    NULL,
    '',
    'uploads/profile/NCS46018.jpeg',
    NULL,
    1,
    'NCS46018',
    NULL,
    'ZK Ortom',
    '22c3ff99-96ec-4968-92cf-797acdae265c',
    NULL,
    '2024-12-06 16:25:18',
    'Student',
    7,
    '$2a$10$6PDymSvI/AV5Y5m1aU9daOg7C9cPZ20w6D4/LmKHW5K44Q8DU2iOK',
    NULL,
    NULL,
    0,
    NULL,
    NULL,
    0,
    NULL,
    NULL,
    0.00,
    0.00
  ),
  (
    41,
    '3b4acbbc-e318-488c-b001-ff0ab10a1c64',
    NULL,
    NULL,
    7,
    'SC',
    NULL,
    '2024-12-05 23:47:26',
    'danielantia@gmail.com',
    NULL,
    95,
    NULL,
    NULL,
    NULL,
    0,
    NULL,
    NULL,
    '',
    'uploads/profile/NCS46017.jpeg',
    NULL,
    1,
    'NCS46017',
    NULL,
    'BO Okoro',
    '3b4acbbc-e318-488c-b001-ff0ab10a1c64',
    NULL,
    '2024-12-06 16:25:18',
    'Student',
    7,
    '$2a$10$2N07qZi/rRB.gq98FJYIP.ATteA7V4JjW2EblJYbVurTLu8STsX..',
    NULL,
    NULL,
    0,
    NULL,
    NULL,
    0,
    NULL,
    NULL,
    0.00,
    0.00
  ),
  (
    40,
    '688f3303-2913-41f1-82bb-6b05df5f90ef',
    NULL,
    NULL,
    7,
    'SC',
    NULL,
    '2024-12-05 23:46:52',
    'danielantia@gmail.com',
    NULL,
    95,
    NULL,
    NULL,
    NULL,
    0,
    NULL,
    NULL,
    '',
    'uploads/profile/NCS46016.jpeg',
    NULL,
    1,
    'NCS46016',
    NULL,
    'MA Edet',
    '688f3303-2913-41f1-82bb-6b05df5f90ef',
    NULL,
    '2024-12-06 16:25:18',
    'Student',
    7,
    '$2a$10$sC2YNNWm3g2/KbQIqjtJreD/X8auyrLmXdxyNZBazKXF1GnBh9zRK',
    NULL,
    NULL,
    0,
    NULL,
    NULL,
    0,
    NULL,
    NULL,
    0.00,
    0.00
  ),
  (
    39,
    '3e17ddd8-f2bd-4b2b-8d51-1ec363373e6b',
    NULL,
    NULL,
    7,
    'SC',
    NULL,
    '2024-12-05 23:46:20',
    'danielantia@gmail.com',
    NULL,
    95,
    NULL,
    NULL,
    NULL,
    0,
    NULL,
    NULL,
    '',
    'uploads/profile/NCS46015.jpeg',
    NULL,
    1,
    'NCS46015',
    NULL,
    'ZA Okoh',
    '3e17ddd8-f2bd-4b2b-8d51-1ec363373e6b',
    NULL,
    '2024-12-06 16:25:18',
    'Student',
    7,
    '$2a$10$L2EcuI8XZhUB0WlsQiEwW.vghS55jajQBb9GZRys7yAOY74GSFPZ2',
    NULL,
    NULL,
    0,
    NULL,
    NULL,
    0,
    NULL,
    NULL,
    0.00,
    0.00
  ),
  (
    38,
    '1789b659-9642-4a2d-a9a0-3747c5c2bd74',
    NULL,
    NULL,
    7,
    'SC',
    NULL,
    '2024-12-05 23:45:49',
    'danielantia@gmail.com',
    NULL,
    95,
    NULL,
    NULL,
    NULL,
    0,
    NULL,
    NULL,
    '',
    'uploads/profile/NCS46014.jpeg',
    NULL,
    1,
    'NCS46014',
    NULL,
    'AO Abugu',
    '1789b659-9642-4a2d-a9a0-3747c5c2bd74',
    NULL,
    '2024-12-06 16:25:18',
    'Student',
    7,
    '$2a$10$WU14nGsMKoBMUfBGx1cQtOXkMgWtNZojB3hDTwbHl3Lz3DdvMz4vG',
    NULL,
    NULL,
    0,
    NULL,
    NULL,
    0,
    NULL,
    NULL,
    0.00,
    0.00
  ),
  (
    37,
    '75e9886c-d53a-41dc-b1ee-9d3758f518ac',
    NULL,
    NULL,
    7,
    'SC',
    NULL,
    '2024-12-05 23:45:18',
    'danielantia@gmail.com',
    NULL,
    95,
    NULL,
    NULL,
    NULL,
    0,
    NULL,
    NULL,
    '',
    'uploads/profile/NCS46013.jpeg',
    NULL,
    1,
    'NCS46013',
    NULL,
    'KI Ikpi',
    '75e9886c-d53a-41dc-b1ee-9d3758f518ac',
    NULL,
    '2024-12-06 16:25:18',
    'Student',
    7,
    '$2a$10$4qfZDly12.wJ2jf83Cljj.7TbpixGx.NoLQ6PmOL4Ed8C55FRFfgm',
    NULL,
    NULL,
    0,
    NULL,
    NULL,
    0,
    NULL,
    NULL,
    0.00,
    0.00
  ),
  (
    36,
    'ac17fb22-d55d-4754-a6a5-12cccda06d5c',
    NULL,
    NULL,
    7,
    'SC',
    NULL,
    '2024-12-05 23:44:46',
    'danielantia@gmail.com',
    NULL,
    95,
    NULL,
    NULL,
    NULL,
    0,
    NULL,
    NULL,
    '',
    'uploads/profile/NCS46012.jpeg',
    NULL,
    1,
    'NCS46012',
    NULL,
    'Z Iboromah',
    'ac17fb22-d55d-4754-a6a5-12cccda06d5c',
    NULL,
    '2024-12-06 16:25:18',
    'Student',
    7,
    '$2a$10$sfCfYOrAQwPXay1tcMuXfOKYnoHlex7AD76/rjJk8lHaZGBxbNxe2',
    NULL,
    NULL,
    0,
    NULL,
    NULL,
    0,
    NULL,
    NULL,
    0.00,
    0.00
  ),
  (
    35,
    '462b7e31-a125-4d1a-b0ae-6ad3c64c530b',
    NULL,
    NULL,
    7,
    'SC',
    NULL,
    '2024-12-05 23:43:56',
    'danielantia@gmail.com',
    NULL,
    95,
    NULL,
    NULL,
    NULL,
    0,
    NULL,
    NULL,
    '',
    'uploads/profile/NCS46011.jpeg',
    NULL,
    1,
    'NCS46011',
    NULL,
    'BE Jonah',
    '462b7e31-a125-4d1a-b0ae-6ad3c64c530b',
    NULL,
    '2024-12-06 16:25:18',
    'Student',
    7,
    '$2a$10$cKCw00v.jA40XG1ZebVY/eAQQ0Wy6Y2ZegVQgy6826O9N/uhMJGUy',
    NULL,
    NULL,
    0,
    NULL,
    NULL,
    0,
    NULL,
    NULL,
    0.00,
    0.00
  ),
  (
    34,
    '5823e70b-98b4-4658-ba22-56fd91eeb91a',
    NULL,
    NULL,
    7,
    'SC',
    NULL,
    '2024-12-05 23:43:16',
    'danielantia@gmail.com',
    NULL,
    92,
    NULL,
    NULL,
    NULL,
    0,
    NULL,
    NULL,
    '',
    'uploads/profile/NCS46010.jpeg',
    NULL,
    1,
    'NCS46010',
    NULL,
    'AE Ezeh',
    '5823e70b-98b4-4658-ba22-56fd91eeb91a',
    NULL,
    '2024-12-06 16:25:18',
    'Student',
    7,
    '$2a$10$CyEeu9kTv1pNyP9TMHvzLeCEVwAQeFql3j4T/kcFEFRlMbqUj42PW',
    NULL,
    NULL,
    0,
    NULL,
    NULL,
    0,
    NULL,
    NULL,
    0.00,
    0.00
  ),
  (
    33,
    '26c74757-5122-4f16-b851-1fa80fe1eaa6',
    NULL,
    NULL,
    7,
    'SC',
    NULL,
    '2024-12-05 23:42:40',
    'danielantia@gmail.com',
    NULL,
    95,
    NULL,
    NULL,
    NULL,
    0,
    NULL,
    NULL,
    '',
    'uploads/profile/NCS46009.jpeg',
    NULL,
    1,
    'NCS46009',
    NULL,
    'TK Attah',
    '26c74757-5122-4f16-b851-1fa80fe1eaa6',
    NULL,
    '2024-12-06 16:25:18',
    'Student',
    7,
    '$2a$10$oRqciRyacbQQUVA/v6T8i.s7HUNePEaWU2bcOof0hjFgde3B2CgSy',
    NULL,
    NULL,
    0,
    NULL,
    NULL,
    0,
    NULL,
    NULL,
    0.00,
    0.00
  ),
  (
    32,
    '704ef54b-d7e3-4d48-b696-e95918df732d',
    NULL,
    NULL,
    7,
    'SC',
    NULL,
    '2024-12-05 23:41:52',
    'danielantia@gmail.com',
    NULL,
    96,
    NULL,
    NULL,
    NULL,
    0,
    NULL,
    NULL,
    '',
    'uploads/profile/NCS46008.jpeg',
    NULL,
    1,
    'NCS46008',
    NULL,
    'AR Monye',
    '704ef54b-d7e3-4d48-b696-e95918df732d',
    NULL,
    '2024-12-06 01:29:57',
    'Student',
    7,
    '$2a$10$pgXQQWFoKuVeDNRFzn7xgO2ors7OlpzqvdNXzMqzlEk.9u4g92JC.',
    NULL,
    NULL,
    0,
    NULL,
    NULL,
    0,
    NULL,
    NULL,
    0.00,
    0.00
  ),
  (
    31,
    'ad719d8b-f3e7-489e-a278-6b15c05390e4',
    NULL,
    NULL,
    7,
    'SC',
    NULL,
    '2024-12-05 23:40:52',
    'danielantia@gmail.com',
    NULL,
    100,
    NULL,
    NULL,
    NULL,
    0,
    NULL,
    NULL,
    '',
    'uploads/profile/NCS46007.jpeg',
    NULL,
    1,
    'NCS46007',
    NULL,
    'FA Abba',
    'ad719d8b-f3e7-489e-a278-6b15c05390e4',
    NULL,
    '2024-12-06 01:32:32',
    'Student',
    7,
    '$2a$10$wSbMVVqyhjaizOQ1pUGfKOOo9h.twL0UOSaCHEQV4bzHlrJS7sGQ6',
    NULL,
    NULL,
    0,
    NULL,
    NULL,
    0,
    NULL,
    NULL,
    0.00,
    0.00
  ),
  (
    30,
    'f61f92ff-d080-41ad-9f1a-07f9c04f2b82',
    NULL,
    NULL,
    7,
    'SC',
    NULL,
    '2024-12-05 23:31:52',
    'danielantia@gmail.com',
    NULL,
    100,
    NULL,
    NULL,
    NULL,
    0,
    NULL,
    NULL,
    '08080800700',
    'uploads/profile/NCS46006.jpeg',
    NULL,
    1,
    'NCS46006',
    NULL,
    'JZ Mani',
    'f61f92ff-d080-41ad-9f1a-07f9c04f2b82',
    NULL,
    '2024-12-06 16:09:27',
    'Student',
    7,
    '$2a$10$HxhP3991nXjNk9/a.wapN.JNCGUi9yHIqRH3yQKQJtCBnA2l9Ekcm',
    NULL,
    NULL,
    0,
    NULL,
    NULL,
    0,
    NULL,
    NULL,
    0.00,
    0.00
  ),
  (
    29,
    'd976ca55-f691-47c6-b569-e63d825ec879',
    NULL,
    NULL,
    7,
    'SC',
    NULL,
    '2024-12-05 23:28:57',
    'danielantia@gmail.com',
    NULL,
    16,
    NULL,
    NULL,
    NULL,
    0,
    NULL,
    NULL,
    '',
    'uploads/profile/NCS46005.jpeg',
    NULL,
    1,
    'NCS46005',
    NULL,
    'AA Adeoye',
    'd976ca55-f691-47c6-b569-e63d825ec879',
    NULL,
    '2024-12-08 01:20:02',
    'Student',
    7,
    '$2a$10$KTIIFnJO0/M7Ez9Z0C3iOu5dyjbXD21r1WYWRYsnZmqvTTgzrjRQe',
    NULL,
    NULL,
    0,
    NULL,
    NULL,
    0,
    NULL,
    NULL,
    0.00,
    0.00
  ),
  (
    28,
    '2465d979-d540-4ac8-92df-4072c88b244a',
    NULL,
    NULL,
    7,
    'SC',
    NULL,
    '2024-12-05 23:27:38',
    'danielantia@gmail.com',
    NULL,
    100,
    NULL,
    NULL,
    NULL,
    0,
    NULL,
    NULL,
    '',
    'uploads/profile/NCS46004.jpeg',
    NULL,
    1,
    'NCS46004',
    NULL,
    'Y Denma',
    '2465d979-d540-4ac8-92df-4072c88b244a',
    NULL,
    '2024-12-06 00:08:49',
    'Student',
    7,
    '$2a$10$OwvRi2qLJ03bAaXwvqeb9unGc.IgnVB8VjSJ2CnBciyWZ17Iz19qe',
    NULL,
    NULL,
    0,
    NULL,
    NULL,
    0,
    NULL,
    NULL,
    0.00,
    0.00
  ),
  (
    27,
    '5580986c-84a5-4a5b-81ea-7e23437ea52b',
    NULL,
    NULL,
    7,
    'SC',
    NULL,
    '2024-12-05 23:26:43',
    'danielantia@gmail.com',
    NULL,
    100,
    NULL,
    NULL,
    NULL,
    0,
    NULL,
    NULL,
    '08080800700',
    'uploads/profile/NCS46003.jpeg',
    NULL,
    1,
    'NCS46003',
    NULL,
    'AR Mani',
    '5580986c-84a5-4a5b-81ea-7e23437ea52b',
    NULL,
    '2024-12-06 00:08:07',
    'Student',
    7,
    '$2a$10$kskXjB70hi3rVCZTdwpLLeqVgX1REmRt/Vb65l9jUvs2A4SEODXOi',
    NULL,
    NULL,
    0,
    NULL,
    NULL,
    0,
    NULL,
    NULL,
    0.00,
    0.00
  ),
  (
    26,
    '17ebce98-b54f-4c7c-869d-b77c852e3909',
    NULL,
    NULL,
    7,
    'SC',
    NULL,
    '2024-12-05 23:24:01',
    'danielantia@gmail.com',
    NULL,
    95,
    NULL,
    NULL,
    NULL,
    0,
    NULL,
    NULL,
    '08080800700',
    'uploads/profile/NCS46002.jpeg',
    NULL,
    1,
    'NCS46002',
    NULL,
    'EP Akang',
    '17ebce98-b54f-4c7c-869d-b77c852e3909',
    NULL,
    '2024-12-06 16:25:18',
    'Student',
    7,
    '$2a$10$6Se4ygWbsz6eY4d52ah.pevFiuD/7i8o8eHjQKeGS3ymAEqe0UMey',
    NULL,
    NULL,
    0,
    NULL,
    NULL,
    0,
    NULL,
    NULL,
    0.00,
    0.00
  ),
  (
    25,
    '9e033460-0488-495b-b06f-90437ac8395a',
    NULL,
    NULL,
    7,
    'SC',
    NULL,
    '2024-12-05 23:12:30',
    'danielantia@gmail.com',
    NULL,
    NULL,
    '',
    NULL,
    NULL,
    0,
    NULL,
    NULL,
    '08080800700',
    'uploads/profile/NCS46001.jpeg',
    NULL,
    4,
    'NCS46001',
    NULL,
    'TA Abubakar',
    '9e033460-0488-495b-b06f-90437ac8395a',
    NULL,
    '2024-12-05 23:50:38',
    'Term Coordinator',
    8,
    '$2a$10$bTcfALIE6E//mkbrT//IDeOCbFGoGb7zAMPOI3GbWuIk5JrQAw5bG',
    NULL,
    NULL,
    0,
    NULL,
    NULL,
    0,
    NULL,
    NULL,
    0.00,
    0.00
  ),
  (
    24,
    '5bdd2516-3bbe-4ce2-b43f-dd520ce1e12c',
    NULL,
    NULL,
    5,
    'SC',
    NULL,
    '2024-11-05 23:48:11',
    'danielantia@gmail.com',
    NULL,
    NULL,
    '',
    NULL,
    NULL,
    0,
    NULL,
    NULL,
    '07037610726',
    NULL,
    NULL,
    10,
    'NCS45112',
    NULL,
    'EP Akor',
    '5bdd2516-3bbe-4ce2-b43f-dd520ce1e12c',
    NULL,
    '2024-11-05 23:48:11',
    'Medical',
    6,
    '$2b$10$Us6n8v9KEJFGcGv6wQIy4uW7BhUWm8w4LLZHe4dzGIIG5SbfZe6NC',
    NULL,
    NULL,
    0,
    NULL,
    NULL,
    0,
    NULL,
    NULL,
    0.00,
    0.00
  ),
  (
    23,
    '902b754e-8954-4682-a548-1ccfdd2301ed',
    NULL,
    NULL,
    2,
    'JC',
    NULL,
    '2024-11-04 16:54:19',
    'danielantia@gmail.com',
    NULL,
    NULL,
    '',
    NULL,
    NULL,
    0,
    NULL,
    NULL,
    '',
    'uploads/profile/NCS41000.jpg',
    NULL,
    7,
    'NCS41000',
    NULL,
    'KC Egwuh',
    '902b754e-8954-4682-a548-1ccfdd2301ed',
    NULL,
    '2024-11-07 19:38:56',
    'Commandant',
    11,
    '$2a$10$khLs2iIzI1OMT9quMJwqM.W.bEq6dAJq6Q51fvQ4/aWrZktbtARu6',
    NULL,
    NULL,
    0,
    NULL,
    NULL,
    0,
    NULL,
    NULL,
    0.00,
    0.00
  ),
  (
    22,
    '9a73a199-7adb-4fe0-afd3-f1be72f123db',
    NULL,
    NULL,
    5,
    'SC',
    NULL,
    '2024-10-28 22:16:32',
    'danielantia@gmail.com',
    NULL,
    113,
    NULL,
    NULL,
    NULL,
    0,
    NULL,
    NULL,
    '09031254478',
    NULL,
    NULL,
    1,
    'NCS44004',
    NULL,
    'ET Egbelonu',
    '9a73a199-7adb-4fe0-afd3-f1be72f123db',
    NULL,
    '2024-11-16 09:12:46',
    'Student',
    7,
    '$2b$10$2cGx7WpCho2EQpuDL3JhzedbVAmN/GjhoR5MsdjXs8dorQRMmyybO',
    NULL,
    NULL,
    0,
    NULL,
    NULL,
    0,
    NULL,
    NULL,
    0.00,
    0.00
  ),
  (
    21,
    '004daea5-86da-4e56-b051-de93db3fe025',
    NULL,
    NULL,
    5,
    'SC',
    NULL,
    '2024-10-28 22:13:59',
    'danielantia@gmail.com',
    NULL,
    19,
    NULL,
    NULL,
    NULL,
    0,
    NULL,
    NULL,
    '',
    'uploads/profile/NCS44003.jpg',
    NULL,
    1,
    'NCS44003',
    NULL,
    'MM Abubakar',
    '004daea5-86da-4e56-b051-de93db3fe025',
    NULL,
    '2024-11-16 09:15:34',
    'Student',
    7,
    '$2a$10$axL4edPi0gvREqkRhuVQTeqorYbhfzHCeHaMTrtgSpnhPfMai3X1.',
    NULL,
    NULL,
    0,
    NULL,
    NULL,
    0,
    NULL,
    NULL,
    0.00,
    0.00
  ),
  (
    20,
    '0a37a350-ad05-4ba7-92b1-a6199896db2e',
    NULL,
    NULL,
    5,
    'SC',
    NULL,
    '2024-10-28 22:07:01',
    'danielantia@gmail.com',
    NULL,
    NULL,
    '',
    6,
    'both',
    0,
    NULL,
    NULL,
    '08080800700',
    NULL,
    NULL,
    3,
    'NCS44002',
    NULL,
    'ER Kingpin',
    '0a37a350-ad05-4ba7-92b1-a6199896db2e',
    NULL,
    '2024-10-28 22:07:01',
    'Instructor',
    8,
    '$2b$10$3OmvMYjZy/DwEXsGqot9mOsUc3M/MavnQM4tubGT0LQgql8suX6W6',
    NULL,
    NULL,
    0,
    NULL,
    NULL,
    0,
    NULL,
    NULL,
    0.00,
    0.00
  ),
  (
    19,
    'bb76bfaf-7d8f-4547-b3ce-04c64c74a5a7',
    NULL,
    NULL,
    5,
    'SC',
    NULL,
    '2024-10-28 22:05:40',
    'danielantia@gmail.com',
    NULL,
    NULL,
    '',
    NULL,
    NULL,
    0,
    NULL,
    NULL,
    '08080800700',
    'uploads/profile/NCS44001.jpg',
    NULL,
    4,
    'NCS44001',
    NULL,
    'SS Salisu',
    'bb76bfaf-7d8f-4547-b3ce-04c64c74a5a7',
    NULL,
    '2024-10-30 00:06:33',
    'Term Coordinator',
    8,
    '$2a$10$ize5GzYvPjCaCE/9Gxfzu.BzOAsGrMWIimEGoZqNnxDzD4MJkAyui',
    NULL,
    NULL,
    0,
    NULL,
    NULL,
    0,
    NULL,
    NULL,
    0.00,
    0.00
  ),
  (
    18,
    '1133265f-af73-46f6-a50f-3dbffe4d97df',
    NULL,
    NULL,
    3,
    'SC',
    NULL,
    '2024-10-28 20:34:28',
    'danielantia@gmail.com',
    NULL,
    NULL,
    '',
    6,
    'both',
    0,
    NULL,
    NULL,
    '07037610726',
    NULL,
    NULL,
    3,
    'NCS44505',
    NULL,
    'ED Rabiu',
    '1133265f-af73-46f6-a50f-3dbffe4d97df',
    NULL,
    '2024-10-28 20:34:28',
    'Instructor',
    6,
    '$2b$10$XlPArlICGAKg4tXWpEiuCeincg..R15aIrDkI6Y5FJaOdk66LYwl6',
    NULL,
    NULL,
    0,
    NULL,
    NULL,
    0,
    NULL,
    NULL,
    0.00,
    0.00
  ),
  (
    17,
    '5df3bf71-bd2b-4c04-aece-8a5c397391a2',
    NULL,
    NULL,
    4,
    'JC',
    NULL,
    '2024-10-28 19:13:54',
    'danielantia@gmail.com',
    NULL,
    100,
    NULL,
    NULL,
    NULL,
    0,
    NULL,
    NULL,
    '08080800700',
    'uploads/profile/NCS44488.jpg',
    NULL,
    1,
    'NCS44488',
    NULL,
    'ER Okoi',
    '5df3bf71-bd2b-4c04-aece-8a5c397391a2',
    NULL,
    '2024-12-14 09:05:42',
    'Student',
    8,
    '$2b$10$xcnrrD54dHp4vHZWMwcpT.nV5UbBN4Na9cQuC2n3lrU.sPt4rcnh.',
    '2024-12-15 00:00:00',
    '2024-12-16 00:00:00',
    1,
    NULL,
    NULL,
    0,
    NULL,
    'He is on Pass',
    0.00,
    0.00
  ),
  (
    16,
    'c1420917-afab-4994-b9b1-ad8953df9d67',
    NULL,
    NULL,
    4,
    'JC',
    NULL,
    '2024-10-28 19:09:44',
    'danielantia@gmail.com',
    NULL,
    NULL,
    '',
    NULL,
    NULL,
    0,
    NULL,
    NULL,
    '07037610726',
    NULL,
    NULL,
    4,
    'NCS44777',
    NULL,
    'EA Ebong',
    'c1420917-afab-4994-b9b1-ad8953df9d67',
    NULL,
    '2024-10-28 19:09:44',
    'Term Coordinator',
    8,
    '$2b$10$SjZoGLVulexCl5B82g2ya.lLpS7HYagqjg7AKpHccqZWbP/roZwmq',
    NULL,
    NULL,
    0,
    NULL,
    NULL,
    0,
    NULL,
    NULL,
    0.00,
    0.00
  ),
  (
    15,
    'b251522c-5e38-45c8-b8ba-c9c4b4985be6',
    NULL,
    NULL,
    4,
    'JC',
    NULL,
    '2024-10-28 18:01:47',
    'by.segunmoses@gmail.com',
    NULL,
    121,
    NULL,
    NULL,
    NULL,
    0,
    NULL,
    NULL,
    '',
    'uploads/profile/NCS48391.jpeg',
    NULL,
    1,
    'NCS48391',
    NULL,
    'MR BEANS',
    'b251522c-5e38-45c8-b8ba-c9c4b4985be6',
    NULL,
    '2024-12-09 19:11:05',
    'Student',
    10,
    '$2a$10$c6uerGi/7Yg0tUC/E9H4G.2cLr.IgoQJ5mPXVx8VOtvwGLXl.Sxd.',
    NULL,
    NULL,
    0,
    '2024-12-10 00:00:00',
    '2024-12-11 00:00:00',
    1,
    'He is on Admission',
    NULL,
    0.00,
    0.00
  ),
  (
    14,
    'd9653c80-ab5c-4120-b1ee-f3a5108508a2',
    NULL,
    NULL,
    2,
    'JC',
    NULL,
    '2024-10-28 18:00:25',
    'by.segunmoses@gmail.com',
    NULL,
    75,
    NULL,
    NULL,
    NULL,
    0,
    NULL,
    NULL,
    '',
    'uploads/profile/NCS93812.jpeg',
    NULL,
    1,
    'NCS93812',
    NULL,
    'AK Mohammed',
    'd9653c80-ab5c-4120-b1ee-f3a5108508a2',
    NULL,
    '2024-12-20 05:50:39',
    'Student',
    17,
    '$2a$10$I1Wx.5ipgq362rMlP6WF..wHkx/pyYgrOXGoPkzCslIs2qlJfzrN2',
    NULL,
    NULL,
    0,
    NULL,
    NULL,
    0,
    NULL,
    NULL,
    0.00,
    56.00
  ),
  (
    13,
    'a593cc46-697a-486f-97fc-681f72ed83f7',
    NULL,
    NULL,
    2,
    'JC',
    NULL,
    '2024-10-28 17:58:37',
    'by.segunmoses@gmail.com',
    NULL,
    NULL,
    '',
    NULL,
    NULL,
    0,
    NULL,
    NULL,
    '07084310123',
    NULL,
    NULL,
    4,
    'NCS12000',
    NULL,
    'ER Obayemi',
    'a593cc46-697a-486f-97fc-681f72ed83f7',
    NULL,
    '2024-10-28 17:58:37',
    'Term Coordinator',
    13,
    '$2b$10$HlS/reczOPJNZKaFIRAJEuAmoxDCdIoTfm5PLLU6l10bG7v281Bjy',
    NULL,
    NULL,
    0,
    NULL,
    NULL,
    0,
    NULL,
    NULL,
    0.00,
    0.00
  ),
  (
    12,
    'c298da11-1178-4ae1-8f8b-3ff29e014e0b',
    NULL,
    NULL,
    4,
    'JC',
    NULL,
    '2024-10-28 17:56:33',
    'by.segunmoses@gmail.com',
    NULL,
    NULL,
    '',
    6,
    'both',
    0,
    NULL,
    NULL,
    '07084310123',
    'uploads/profile/NCS00043.jpeg',
    NULL,
    3,
    'NCS00043',
    NULL,
    'DO Ebuka',
    'c298da11-1178-4ae1-8f8b-3ff29e014e0b',
    NULL,
    '2024-10-31 16:56:32',
    'Instructor',
    19,
    '$2a$10$KHIBpu3KoZfKfRuNe4vA3O5ubMf8kEcE7dQv8V0wK6rkxzEQFCWfq',
    NULL,
    NULL,
    0,
    NULL,
    NULL,
    0,
    NULL,
    NULL,
    0.00,
    0.00
  ),
  (
    75,
    '66341d8f-f9c6-414b-a06a-3d171a49104e',
    NULL,
    NULL,
    NULL,
    NULL,
    NULL,
    '2024-12-14 09:07:41',
    'danielantia@gmail.com',
    NULL,
    NULL,
    '',
    8,
    'both',
    0,
    NULL,
    NULL,
    '',
    NULL,
    NULL,
    8,
    'NCS47050',
    NULL,
    'WE George',
    '66341d8f-f9c6-414b-a06a-3d171a49104e',
    NULL,
    '2024-12-14 09:07:41',
    'Member of Directing Staff',
    8,
    '$2b$10$MbfBP5RBmQcFdN1ZRNhEi.FlJqw35MYZcok/X4oX9jScJWmuidik2',
    NULL,
    NULL,
    0,
    NULL,
    NULL,
    0,
    NULL,
    NULL,
    0.00,
    0.00
  ),
  (
    10,
    'aaf1f5c6-e0cf-4b9a-a3af-31a3f09ac19a',
    NULL,
    NULL,
    NULL,
    NULL,
    NULL,
    '2024-10-26 16:14:04',
    'danielantia@gmail.com',
    NULL,
    NULL,
    'IB',
    NULL,
    NULL,
    0,
    NULL,
    NULL,
    '08080800700',
    'uploads/profile/NCS44444.jpg',
    NULL,
    9,
    'NCS44444',
    NULL,
    'Denma',
    'aaf1f5c6-e0cf-4b9a-a3af-31a3f09ac19a',
    NULL,
    '2024-11-05 23:20:23',
    'SuperAdmin',
    8,
    '$2a$10$gCs45xyTE5bO/q5.q1/4teLQWOL8MaPoZJg1IReGl1tFrVRfMeB6q',
    NULL,
    NULL,
    0,
    NULL,
    NULL,
    0,
    NULL,
    NULL,
    0.00,
    0.00
  ),
  (
    9,
    '28980cb3-9085-4a1d-a67b-b36e73482c9b',
    NULL,
    NULL,
    4,
    'JC',
    NULL,
    '2024-10-26 15:57:41',
    'danielantia@gmail.com',
    NULL,
    87,
    NULL,
    NULL,
    NULL,
    0,
    NULL,
    NULL,
    '08185586969',
    'uploads/profile/NCS44566.png',
    NULL,
    1,
    'NCS44566',
    NULL,
    'ED Okpon',
    '28980cb3-9085-4a1d-a67b-b36e73482c9b',
    NULL,
    '2024-11-06 13:57:11',
    'Student',
    7,
    '$2a$10$monybD/X/Rn2iG7L1yne3OO4qvACJbiGrpdutgdqu8x0H6IwGN11a',
    NULL,
    NULL,
    0,
    NULL,
    NULL,
    0,
    NULL,
    NULL,
    0.00,
    0.00
  ),
  (
    8,
    '92a75b5c-ef49-437f-8b8c-b9439cbb5d20',
    NULL,
    NULL,
    NULL,
    NULL,
    NULL,
    '2024-10-26 15:31:31',
    'danielantia@gmail.com',
    NULL,
    NULL,
    'EB',
    NULL,
    NULL,
    0,
    NULL,
    NULL,
    '08080800700',
    'uploads/profile/NCS44616.jpeg',
    NULL,
    4,
    'NCS44616',
    NULL,
    'Ahmed',
    '92a75b5c-ef49-437f-8b8c-b9439cbb5d20',
    NULL,
    '2024-10-26 22:26:57',
    'Term Coordinator',
    8,
    '$2a$10$XoUiQOkvziiXrkl50hOi/u0UhSCMwMrvHuBn0ynvpk1nZ4CgWVQsa',
    NULL,
    NULL,
    0,
    NULL,
    NULL,
    0,
    NULL,
    NULL,
    0.00,
    0.00
  ),
  (
    7,
    'b4154c38-d2fd-4b16-853a-b1b6295c3592',
    NULL,
    NULL,
    NULL,
    NULL,
    NULL,
    '2024-10-26 09:35:55',
    'danielantia@gmail.com',
    NULL,
    NULL,
    'MA',
    NULL,
    NULL,
    0,
    NULL,
    NULL,
    '07037610726',
    NULL,
    NULL,
    2,
    'NCS44408',
    NULL,
    'ZANNA ',
    'b4154c38-d2fd-4b16-853a-b1b6295c3592',
    NULL,
    '2024-10-26 22:15:14',
    'Admin',
    7,
    '$2a$10$XfNDliRMLGHbRbx6yRSIR.PNesrn..aM17iM9fqx5ET7jBpvlW6E.',
    NULL,
    NULL,
    0,
    NULL,
    NULL,
    0,
    NULL,
    NULL,
    0.00,
    0.00
  ),
  (
    6,
    'c0666588-2bf6-4455-a8e2-06455a297075',
    NULL,
    NULL,
    NULL,
    NULL,
    NULL,
    '2024-10-25 00:31:52',
    'mosesdave97372@yahoo.com',
    NULL,
    NULL,
    'MC',
    NULL,
    NULL,
    0,
    NULL,
    NULL,
    '08100445748',
    NULL,
    NULL,
    7,
    'NCS30000',
    NULL,
    'NCS30000',
    'c0666588-2bf6-4455-a8e2-06455a297075',
    NULL,
    '2024-10-25 00:59:45',
    'Commandant',
    6,
    '$2a$10$HwhYui77WplCkofIFHK.7e6VAmHm7s.fRh/zZL5p7hKt5RRfBKFd.',
    NULL,
    NULL,
    0,
    NULL,
    NULL,
    0,
    NULL,
    NULL,
    0.00,
    0.00
  ),
  (
    5,
    'b8b9f2f7-32b9-4672-81ef-a6f3b44aad0d',
    NULL,
    NULL,
    NULL,
    NULL,
    NULL,
    '2024-10-25 00:29:39',
    'mosesdave97372@yahoo.com',
    NULL,
    NULL,
    'AA',
    NULL,
    NULL,
    0,
    NULL,
    NULL,
    '08100445748',
    NULL,
    NULL,
    4,
    'NCS00009',
    NULL,
    'TermCord',
    'b8b9f2f7-32b9-4672-81ef-a6f3b44aad0d',
    NULL,
    '2024-10-25 00:58:51',
    'Term Coordinator',
    10,
    '$2a$10$1d0wEv7EHqMCXDMYM3PAau3PsqyBdgTtcxVtkIynsc.AD6/2ZWDNS',
    NULL,
    NULL,
    0,
    NULL,
    NULL,
    0,
    NULL,
    NULL,
    0.00,
    0.00
  ),
  (
    4,
    'aee62165-e774-4f23-bb4c-e3e7ddf48d64',
    NULL,
    NULL,
    NULL,
    NULL,
    NULL,
    '2024-10-24 14:53:03',
    'by.segunmoses@gmail.com',
    NULL,
    NULL,
    'DO',
    6,
    'SC',
    0,
    NULL,
    NULL,
    '07084310123',
    'uploads/profile/NCS00001.jpeg',
    NULL,
    3,
    'NCS00001',
    NULL,
    'Moses',
    'aee62165-e774-4f23-bb4c-e3e7ddf48d64',
    NULL,
    '2024-10-26 09:22:36',
    'Instructor',
    15,
    '$2a$10$WNvfFLn.88O0Webyt2AKZus1hPJIFwhJUrrJxaugIRaqWWcdEd9B2',
    NULL,
    NULL,
    0,
    NULL,
    NULL,
    0,
    NULL,
    NULL,
    0.00,
    0.00
  ),
  (
    1,
    'ea24980e-fa5c-49df-8f46-3f571f0e2e19',
    NULL,
    NULL,
    NULL,
    NULL,
    NULL,
    '2024-10-24 13:38:17',
    'by.segunmoses@gmail.com',
    NULL,
    NULL,
    'ED',
    NULL,
    NULL,
    0,
    NULL,
    NULL,
    '07084310123',
    'uploads/profile/NCS12345.jpeg',
    NULL,
    9,
    'NCS12345',
    NULL,
    'Antia',
    'ea24980e-fa5c-49df-8f46-3f571f0e2e19',
    NULL,
    '2024-11-06 12:27:25',
    'SuperAdmin',
    8,
    '$2b$10$Kl7bEW1V7VTyl5xNBomdV.etHcI7siRZRXNnoTNGTmuLM4Q.ku5NW',
    NULL,
    NULL,
    0,
    NULL,
    NULL,
    0,
    NULL,
    NULL,
    0.00,
    0.00
  ),
  (
    64,
    'da9815a9-fb41-4ab7-a7e9-ab3a31b218eb',
    NULL,
    NULL,
    8,
    'JC',
    NULL,
    '2024-12-11 23:08:31',
    'danielantia@gmail.com',
    NULL,
    NULL,
    '',
    NULL,
    NULL,
    0,
    NULL,
    NULL,
    '',
    NULL,
    NULL,
    4,
    'NCS47003',
    NULL,
    'MA Ali',
    'da9815a9-fb41-4ab7-a7e9-ab3a31b218eb',
    NULL,
    '2024-12-11 23:10:12',
    'Term Coordinator',
    8,
    '$2a$10$LmrczLMukvyxzuFIxVol/eA1nnQGaNqSv7FPBD8qRilyzpx3xe6X.',
    NULL,
    NULL,
    0,
    NULL,
    NULL,
    0,
    NULL,
    NULL,
    0.00,
    0.00
  ),
  (
    65,
    'a916742d-4795-4cd2-8482-cf22525c64b2',
    NULL,
    NULL,
    8,
    'JC',
    NULL,
    '2024-12-11 23:12:06',
    'danielantia@gmail.com',
    NULL,
    100,
    NULL,
    NULL,
    NULL,
    0,
    NULL,
    NULL,
    '',
    NULL,
    NULL,
    1,
    'NCS47004',
    NULL,
    'EP Oteri',
    'a916742d-4795-4cd2-8482-cf22525c64b2',
    NULL,
    '2024-12-11 23:14:17',
    'Student',
    7,
    '$2a$10$74xBnqR7sy6c86nPmeNjb.fbK9d7siE7huQMDcVUGVs9ZKzOl4Z6a',
    NULL,
    NULL,
    0,
    NULL,
    NULL,
    0,
    NULL,
    NULL,
    0.00,
    0.00
  ),
  (
    67,
    '8bd8bf71-1e15-4a73-a2f2-50cbd1c61db9',
    NULL,
    NULL,
    8,
    'JC',
    NULL,
    '2024-12-11 23:18:15',
    'danielantia@gmail.com',
    NULL,
    0,
    NULL,
    NULL,
    NULL,
    0,
    NULL,
    NULL,
    '',
    NULL,
    NULL,
    1,
    'NCS47005',
    NULL,
    'E Mbukpa',
    '8bd8bf71-1e15-4a73-a2f2-50cbd1c61db9',
    NULL,
    '2024-12-14 08:59:07',
    'Student',
    7,
    '$2a$10$WSVtmQIolIUGAIgVxBS7zu/eHpdeu25eIOKr7AVlRKuhSqzUVLHrS',
    NULL,
    NULL,
    0,
    '2024-12-15 00:00:00',
    '2024-12-16 00:00:00',
    1,
    'Under Admission',
    NULL,
    0.00,
    0.00
  ),
  (
    68,
    'd3b78c00-445f-4e74-8160-e93b5624d3b1',
    NULL,
    NULL,
    8,
    'JC',
    NULL,
    '2024-12-11 23:30:10',
    'danielantia@gmail.com',
    NULL,
    NULL,
    '',
    NULL,
    NULL,
    0,
    NULL,
    NULL,
    '',
    NULL,
    NULL,
    5,
    'NCS47777',
    NULL,
    'ET Archibong',
    'd3b78c00-445f-4e74-8160-e93b5624d3b1',
    NULL,
    '2024-12-11 23:32:00',
    'Chief Instructor',
    8,
    '$2a$10$r36jxNNM/c1uHbJ5aODg8O4/ViY/BjQ1tpsksQM/OYcMN4cxki.kq',
    NULL,
    NULL,
    0,
    NULL,
    NULL,
    0,
    NULL,
    NULL,
    0.00,
    0.00
  ),
  (
    69,
    '5f4c6dba-5924-4b22-af5f-5db41c51c8f9',
    NULL,
    NULL,
    8,
    'JC',
    NULL,
    '2024-12-12 08:02:09',
    'danielantia@gmail.com',
    NULL,
    NULL,
    '',
    NULL,
    NULL,
    0,
    NULL,
    NULL,
    '',
    NULL,
    NULL,
    12,
    'NCS47010',
    NULL,
    'RT Ogunmola',
    '5f4c6dba-5924-4b22-af5f-5db41c51c8f9',
    NULL,
    '2024-12-12 08:07:45',
    'Course Officer',
    8,
    '$2a$10$bQGtEJ9JCZk88fURdv4hBuWY7.L9lQw5JkzHnrduLPPVQMoI0cgZK',
    NULL,
    NULL,
    0,
    NULL,
    NULL,
    0,
    NULL,
    NULL,
    0.00,
    0.00
  ),
  (
    70,
    '35dd431c-e77c-4141-b745-a69aadadaee0',
    NULL,
    NULL,
    8,
    'JC',
    NULL,
    '2024-12-12 08:05:19',
    'danielantia@gmail.com',
    NULL,
    NULL,
    '',
    NULL,
    NULL,
    0,
    NULL,
    NULL,
    '',
    NULL,
    NULL,
    4,
    'NCS47011',
    NULL,
    'TK Richmond',
    '35dd431c-e77c-4141-b745-a69aadadaee0',
    NULL,
    '2024-12-12 08:13:39',
    'Term Coordinator',
    8,
    '$2a$10$OfJxdwDEPRzvs/PWoZjzuOMH8TuHmOL4fIHRAaqsqgXsdHvgHeLu2',
    NULL,
    NULL,
    0,
    NULL,
    NULL,
    0,
    NULL,
    NULL,
    0.00,
    0.00
  ),
  (
    71,
    '7b048f2d-b73b-4ef2-99de-94efcc7d1730',
    NULL,
    NULL,
    8,
    'JC',
    NULL,
    '2024-12-12 08:22:19',
    'danielantia@gmail.com',
    NULL,
    NULL,
    '',
    NULL,
    NULL,
    0,
    NULL,
    NULL,
    '',
    NULL,
    NULL,
    4,
    'NCS48000',
    NULL,
    'ET Okokon',
    '7b048f2d-b73b-4ef2-99de-94efcc7d1730',
    NULL,
    '2024-12-12 08:23:57',
    'Term Coordinator',
    8,
    '$2a$10$n3U1WQ2nr1cVwxp4AoF2xOtIkgwwN/NcgbOTiPLeV.5JeAhamUmKC',
    NULL,
    NULL,
    0,
    NULL,
    NULL,
    0,
    NULL,
    NULL,
    0.00,
    0.00
  ),
  (
    72,
    '67893d4d-bf54-4eaf-9809-249252e6fc59',
    NULL,
    NULL,
    8,
    'JC',
    NULL,
    '2024-12-12 08:27:09',
    'danielantia@gmail.com',
    NULL,
    NULL,
    '',
    NULL,
    NULL,
    0,
    NULL,
    NULL,
    '',
    NULL,
    NULL,
    5,
    'NCS48001',
    NULL,
    'WA Edogho',
    '67893d4d-bf54-4eaf-9809-249252e6fc59',
    NULL,
    '2024-12-12 08:28:38',
    'Chief Instructor',
    8,
    '$2a$10$Czixqe6dnY1czBSoz82EwuRSatzjRCVP0.a7XctfahOmbbAl.P6JW',
    NULL,
    NULL,
    0,
    NULL,
    NULL,
    0,
    NULL,
    NULL,
    0.00,
    0.00
  ),
  (
    73,
    'fbeb227e-f9c5-49cf-997c-5a274a543b2e',
    NULL,
    NULL,
    8,
    'JC',
    NULL,
    '2024-12-12 09:01:43',
    'danielantia@gmail.com',
    NULL,
    NULL,
    '',
    NULL,
    NULL,
    0,
    NULL,
    NULL,
    '',
    NULL,
    NULL,
    12,
    'NCS46088',
    NULL,
    'RT Njoku',
    'fbeb227e-f9c5-49cf-997c-5a274a543b2e',
    NULL,
    '2024-12-12 09:48:09',
    'Course Officer',
    8,
    '$2a$10$UsYgBBTUMMhGXaxAoK0kZ.xVbb1IVA1qMEyD420nNIFtiJ4WQGbUi',
    NULL,
    NULL,
    0,
    NULL,
    NULL,
    0,
    NULL,
    NULL,
    0.00,
    0.00
  ),
  (
    74,
    'dfb25f16-85b7-480a-921e-5b340c2f63b9',
    NULL,
    NULL,
    NULL,
    NULL,
    NULL,
    '2024-12-12 10:03:13',
    'danielantia@gmail.com',
    NULL,
    NULL,
    '',
    9,
    'both',
    0,
    NULL,
    NULL,
    '',
    NULL,
    NULL,
    8,
    'NCS44618',
    NULL,
    'EQ Etido',
    'dfb25f16-85b7-480a-921e-5b340c2f63b9',
    NULL,
    '2024-12-12 10:07:44',
    'Member of Directing Staff',
    8,
    '$2a$10$L/XxXdd5HXa4j2kK4Pf01OhQV.K4dcAJwL45Gaz3G6d85MuGxefBu',
    NULL,
    NULL,
    0,
    NULL,
    NULL,
    0,
    NULL,
    NULL,
    0.00,
    0.00
  ),
  (
    76,
    '2630993c-9152-4dfd-8baf-282b4f93d9fb',
    NULL,
    NULL,
    10,
    'SC',
    NULL,
    '2024-12-16 16:49:22',
    'danielantia@gmail.com',
    NULL,
    NULL,
    '',
    NULL,
    NULL,
    0,
    NULL,
    NULL,
    '',
    NULL,
    NULL,
    5,
    'NCS47060',
    NULL,
    'S Nwanem',
    '2630993c-9152-4dfd-8baf-282b4f93d9fb',
    NULL,
    '2024-12-16 17:01:37',
    'Chief Instructor',
    8,
    '$2a$10$KJnrNCPPbndUR2E8urp3huMAArHqcQabQtvEwpOHY1zOPImaWDKl2',
    NULL,
    NULL,
    0,
    NULL,
    NULL,
    0,
    NULL,
    NULL,
    0.00,
    0.00
  ),
  (
    77,
    '034566f9-869f-4d50-96eb-ea538e80956a',
    NULL,
    NULL,
    10,
    'SC',
    NULL,
    '2024-12-16 16:50:14',
    'danielantia@gmail.com',
    NULL,
    NULL,
    '',
    NULL,
    NULL,
    0,
    NULL,
    NULL,
    '',
    NULL,
    NULL,
    4,
    'NCS47061',
    NULL,
    'E Ededem',
    '034566f9-869f-4d50-96eb-ea538e80956a',
    NULL,
    '2024-12-16 16:54:16',
    'Term Coordinator',
    8,
    '$2a$10$qCFLFu0EfP0iVfRJ/WALz.KsuEfRWYBC1uy9sIjWFmQNav0PKfueu',
    NULL,
    NULL,
    0,
    NULL,
    NULL,
    0,
    NULL,
    NULL,
    0.00,
    0.00
  ),
  (
    78,
    '48051b7b-4b46-4201-bf73-acc0201d83d3',
    NULL,
    NULL,
    10,
    'SC',
    NULL,
    '2024-12-16 16:50:54',
    'danielantia@gmail.com',
    NULL,
    NULL,
    '',
    NULL,
    NULL,
    0,
    NULL,
    NULL,
    '',
    NULL,
    NULL,
    12,
    'NCS47062',
    NULL,
    'EE Habib',
    '48051b7b-4b46-4201-bf73-acc0201d83d3',
    NULL,
    '2024-12-16 17:02:10',
    'Course Officer',
    8,
    '$2a$10$heAQbAJIYvzYpeCjaEC4G.v375VPmQTLTzEVFjHGYBtl9b/uqHRMi',
    NULL,
    NULL,
    0,
    NULL,
    NULL,
    0,
    NULL,
    NULL,
    0.00,
    0.00
  ),
  (
    79,
    '7f7c4ffd-bf52-4c75-89b3-c02bef21e33e',
    NULL,
    NULL,
    10,
    'SC',
    NULL,
    '2024-12-16 16:51:44',
    'danielantia@gmail.com',
    NULL,
    NULL,
    '',
    11,
    'both',
    0,
    NULL,
    NULL,
    '',
    NULL,
    NULL,
    8,
    'NCS47063',
    NULL,
    'ET Ayuba',
    '7f7c4ffd-bf52-4c75-89b3-c02bef21e33e',
    NULL,
    '2024-12-16 17:02:44',
    'Member of Directing Staff',
    8,
    '$2a$10$q8fGr/EFWSkt7Jvx9AqJ2OcR2KBTfGL/4ubJ2MYfIIqq6mnj.W5h.',
    NULL,
    NULL,
    0,
    NULL,
    NULL,
    0,
    NULL,
    NULL,
    0.00,
    0.00
  ),
  (
    80,
    'e5f229b8-58bf-45ca-92b4-b2ad39f12dbf',
    NULL,
    NULL,
    10,
    'SC',
    NULL,
    '2024-12-16 16:55:43',
    'danielantia@gmail.com',
    NULL,
    75,
    NULL,
    NULL,
    NULL,
    0,
    NULL,
    NULL,
    '',
    NULL,
    NULL,
    1,
    'NCS47064',
    NULL,
    'RO Gotip',
    'e5f229b8-58bf-45ca-92b4-b2ad39f12dbf',
    NULL,
    '2024-12-16 17:03:13',
    'Student',
    7,
    '$2a$10$g6juyn8DKFb5X2R6baIssuW63wJ5/sbErJYN6dQ55jXdYCAh3wsFa',
    NULL,
    NULL,
    0,
    NULL,
    NULL,
    0,
    NULL,
    NULL,
    0.00,
    0.00
  ),
  (
    81,
    '087c0a11-f8ea-4103-8020-3a73d9b47c85',
    NULL,
    NULL,
    10,
    'SC',
    NULL,
    '2024-12-16 16:56:05',
    'danielantia@gmail.com',
    NULL,
    72,
    NULL,
    NULL,
    NULL,
    0,
    NULL,
    NULL,
    '',
    NULL,
    NULL,
    1,
    'NCS47065',
    NULL,
    'R Ogah',
    '087c0a11-f8ea-4103-8020-3a73d9b47c85',
    NULL,
    '2024-12-16 17:29:34',
    'Student',
    7,
    '$2a$10$KxhDlhOdHZOobVE5DhCBXe851yFhUxtElHQJTyWQKf0eRAii9M9Nq',
    NULL,
    NULL,
    0,
    NULL,
    NULL,
    0,
    NULL,
    NULL,
    0.00,
    0.00
  ),
  (
    82,
    '1fb4b5a2-66b9-4b92-b17c-4eb77884c2f3',
    NULL,
    NULL,
    10,
    'SC',
    NULL,
    '2024-12-16 16:56:34',
    'danielantia@gmail.com',
    NULL,
    75,
    NULL,
    NULL,
    NULL,
    0,
    NULL,
    NULL,
    '',
    NULL,
    NULL,
    1,
    'NCS47066',
    NULL,
    'E Zacharry',
    '1fb4b5a2-66b9-4b92-b17c-4eb77884c2f3',
    NULL,
    '2024-12-16 17:04:41',
    'Student',
    7,
    '$2a$10$5GF3EEdwCkCrvexDKK0NY.YBW2.lM7BP4BDvEu24fc4ZpmNKr7VWO',
    NULL,
    NULL,
    0,
    NULL,
    NULL,
    0,
    NULL,
    NULL,
    0.00,
    0.00
  ),
  (
    83,
    '64a4f0ed-886d-491d-8672-43a731f2a585',
    NULL,
    NULL,
    10,
    'SC',
    NULL,
    '2024-12-16 16:56:59',
    'danielantia@gmail.com',
    NULL,
    75,
    NULL,
    NULL,
    NULL,
    0,
    NULL,
    NULL,
    '',
    NULL,
    NULL,
    1,
    'NCS47067',
    NULL,
    'M Salako',
    '64a4f0ed-886d-491d-8672-43a731f2a585',
    NULL,
    '2024-12-16 17:05:14',
    'Student',
    7,
    '$2a$10$uWdBO4TtsXqa60fq62X/RufIU6EGiQ11GiSdauuTR8xIdsyFdApp2',
    NULL,
    NULL,
    0,
    NULL,
    NULL,
    0,
    NULL,
    NULL,
    0.00,
    0.00
  ),
  (
    84,
    'bba7b63c-4481-4068-aef8-ea3021c4f31d',
    NULL,
    NULL,
    10,
    'SC',
    NULL,
    '2024-12-16 16:57:28',
    'danielantia@gmail.com',
    NULL,
    71,
    NULL,
    NULL,
    NULL,
    0,
    NULL,
    NULL,
    '',
    NULL,
    NULL,
    1,
    'NCS47069',
    NULL,
    'ER Okon',
    'bba7b63c-4481-4068-aef8-ea3021c4f31d',
    NULL,
    '2024-12-16 17:29:39',
    'Student',
    7,
    '$2a$10$D.JBNExnIAv4UOSQcOAO0eKxVCf0hChuz1DrxF67va2myyJ6V0Qs6',
    NULL,
    NULL,
    0,
    NULL,
    NULL,
    0,
    NULL,
    NULL,
    0.00,
    0.00
  ),
  (
    85,
    '99ca36f3-bf33-4a50-98f8-69b51f9baec9',
    NULL,
    NULL,
    10,
    'SC',
    NULL,
    '2024-12-16 16:57:51',
    'danielantia@gmail.com',
    NULL,
    83,
    NULL,
    NULL,
    NULL,
    0,
    NULL,
    NULL,
    '',
    NULL,
    NULL,
    1,
    'NCS47070',
    NULL,
    'AR Omiete',
    '99ca36f3-bf33-4a50-98f8-69b51f9baec9',
    NULL,
    '2024-12-20 05:58:47',
    'Student',
    7,
    '$2a$10$.mJQOd8mo.56J6KMIGmGm.cbv8AItQcHbI.4Xoj0QaVYVGqQVg.VW',
    '2024-12-17 00:00:00',
    '2024-12-18 00:00:00',
    1,
    '2024-12-17 00:00:00',
    '2024-12-18 00:00:00',
    1,
    'He’s under Admission',
    'He is on Pass',
    0.00,
    150.00
  ),
  (
    86,
    '43be4ddb-ef2c-457c-a3a2-d5275373fb33',
    NULL,
    NULL,
    NULL,
    NULL,
    NULL,
    '2024-12-16 18:41:48',
    'danielantia@gmail.com',
    NULL,
    NULL,
    '',
    11,
    'both',
    0,
    NULL,
    NULL,
    '',
    NULL,
    NULL,
    3,
    'NCS47071',
    NULL,
    'ER Domingo',
    '43be4ddb-ef2c-457c-a3a2-d5275373fb33',
    NULL,
    '2024-12-16 18:43:34',
    'Instructor',
    7,
    '$2a$10$cP.GuIspAVY//v6C7Wrk.ehcB5qvEyVrP2LGHcQTIu/7tYAq0ybWS',
    NULL,
    NULL,
    0,
    NULL,
    NULL,
    0,
    NULL,
    NULL,
    0.00,
    0.00
  ),
  (
    87,
    '68ea2c21-efd5-4934-b3d9-d57fc02300a1',
    NULL,
    NULL,
    11,
    'SC',
    NULL,
    '2024-12-20 05:06:18',
    'danielantia@gmail.com',
    NULL,
    NULL,
    '',
    NULL,
    NULL,
    0,
    NULL,
    NULL,
    '',
    NULL,
    NULL,
    4,
    'NCS49001',
    NULL,
    'I Okoro',
    '68ea2c21-efd5-4934-b3d9-d57fc02300a1',
    NULL,
    '2024-12-20 05:07:36',
    'Term Coordinator',
    8,
    '$2a$10$srRm2NPtmluT5EWHk/HyCu9VnU7ACCyN.6LHS7BDb/4HW0yb58Bai',
    NULL,
    NULL,
    0,
    NULL,
    NULL,
    0,
    NULL,
    NULL,
    0.00,
    0.00
  ),
  (
    88,
    '741abd09-ac2d-4c27-b5c0-f1e8bdc0a9cf',
    NULL,
    NULL,
    11,
    'SC',
    NULL,
    '2024-12-20 05:08:54',
    'danielantia@gmail.com',
    NULL,
    100,
    NULL,
    NULL,
    NULL,
    0,
    NULL,
    NULL,
    '',
    NULL,
    NULL,
    1,
    'NCS49002',
    NULL,
    'ER Tomiwa',
    '741abd09-ac2d-4c27-b5c0-f1e8bdc0a9cf',
    NULL,
    '2024-12-20 05:08:54',
    'Student',
    7,
    '$2b$10$Vxxg38hh19xd/2NYcV4uhuBNyksTT2xs7D.RGU0.FkfOqL8F65fay',
    NULL,
    NULL,
    0,
    NULL,
    NULL,
    0,
    NULL,
    NULL,
    0.00,
    0.00
  ),
  (
    89,
    '39470ca9-e65b-4976-800e-53ce11860392',
    NULL,
    NULL,
    11,
    'SC',
    NULL,
    '2024-12-20 05:09:28',
    'danielantia@gmail.com',
    NULL,
    100,
    NULL,
    NULL,
    NULL,
    0,
    NULL,
    NULL,
    '',
    NULL,
    NULL,
    1,
    'NCS49003',
    NULL,
    'O Kolomi',
    '39470ca9-e65b-4976-800e-53ce11860392',
    NULL,
    '2024-12-20 05:13:56',
    'Student',
    7,
    '$2a$10$HLiaBjE9SwX0jufOmLGXdOPEV9X1u3Zxg2uN0INt0PrkGvvzY72FS',
    NULL,
    NULL,
    0,
    NULL,
    NULL,
    0,
    NULL,
    NULL,
    0.00,
    0.00
  ),
  (
    90,
    'bfe94886-bd33-4b56-aff0-114e3feca55f',
    NULL,
    NULL,
    11,
    'SC',
    NULL,
    '2024-12-20 05:09:51',
    'danielantia@gmail.com',
    NULL,
    100,
    NULL,
    NULL,
    NULL,
    0,
    NULL,
    NULL,
    '',
    NULL,
    NULL,
    1,
    'NCS49004',
    NULL,
    'R Humbe',
    'bfe94886-bd33-4b56-aff0-114e3feca55f',
    NULL,
    '2024-12-20 05:14:19',
    'Student',
    7,
    '$2a$10$rLPzY3Ud2rzGKe8PI9MDHeWYxh131B6Lpms9JlrjGdMQzA7g7y6Ra',
    NULL,
    NULL,
    0,
    NULL,
    NULL,
    0,
    NULL,
    NULL,
    0.00,
    0.00
  ),
  (
    91,
    'b8e9a097-71e6-4315-af42-760a78533270',
    NULL,
    NULL,
    11,
    'SC',
    NULL,
    '2024-12-20 05:10:10',
    'danielantia@gmail.com',
    NULL,
    100,
    NULL,
    NULL,
    NULL,
    0,
    NULL,
    NULL,
    '',
    NULL,
    NULL,
    1,
    'NCS49005',
    NULL,
    'W Askira ',
    'b8e9a097-71e6-4315-af42-760a78533270',
    NULL,
    '2024-12-20 05:14:46',
    'Student',
    7,
    '$2a$10$g4cEMR1JDdJznhIDvjh4YOJNf5fUsTUxbgbgdrOqgJSTB08n5y2nC',
    NULL,
    NULL,
    0,
    NULL,
    NULL,
    0,
    NULL,
    NULL,
    0.00,
    0.00
  ),
  (
    92,
    '1b7200b0-6c46-47d9-891c-c1f8c0079453',
    NULL,
    NULL,
    11,
    'SC',
    NULL,
    '2024-12-20 05:11:43',
    'danuelantia@gmail.com',
    NULL,
    NULL,
    '',
    NULL,
    NULL,
    0,
    NULL,
    NULL,
    '',
    NULL,
    NULL,
    5,
    'NCS49000',
    NULL,
    'W Shamsudeen',
    '1b7200b0-6c46-47d9-891c-c1f8c0079453',
    NULL,
    '2024-12-20 05:11:43',
    'Chief Instructor',
    8,
    '$2b$10$HNujuMpSI9hMBKX8Ek0Re.zU07dzU4DvYGdSIhx2Ca/tIUWXglNKG',
    NULL,
    NULL,
    0,
    NULL,
    NULL,
    0,
    NULL,
    NULL,
    0.00,
    0.00
  ),
  (
    93,
    '334ce67e-4582-49b0-8119-cd68fc8b8668',
    NULL,
    NULL,
    NULL,
    NULL,
    NULL,
    '2024-12-20 05:37:15',
    'danielantia@gmail.com',
    NULL,
    NULL,
    '',
    10,
    'both',
    0,
    NULL,
    NULL,
    '',
    NULL,
    NULL,
    3,
    'NCS49010',
    NULL,
    'E Waris',
    '334ce67e-4582-49b0-8119-cd68fc8b8668',
    NULL,
    '2024-12-20 05:39:04',
    'Instructor',
    17,
    '$2a$10$w0d7TVzfOSmrkjjKBgUZTe21a4c0Jw3LjTQq5RWI3WDA.Q8MvTFry',
    NULL,
    NULL,
    0,
    NULL,
    NULL,
    0,
    NULL,
    NULL,
    0.00,
    0.00
  );
--
-- Triggers `users`
--
DELIMITER $$
CREATE TRIGGER `after_user_delete`
AFTER DELETE ON `users` FOR EACH ROW BEGIN
UPDATE courses
SET total_registered_students = total_registered_students - 1
WHERE id = OLD.course_id;
END $$ DELIMITER;
DELIMITER $$ CREATE TRIGGER `after_user_insert`
AFTER
INSERT ON `users` FOR EACH ROW BEGIN
UPDATE courses
SET total_registered_students = total_registered_students + 1
WHERE id = NEW.course_id;
END $$ DELIMITER;
DELIMITER $$ CREATE TRIGGER `after_user_update`
AFTER
UPDATE ON `users` FOR EACH ROW BEGIN IF OLD.course_id != NEW.course_id THEN -- Decrement count from the old course
UPDATE courses
SET total_registered_students = total_registered_students - 1
WHERE id = OLD.course_id;
-- Increment count for the new course
UPDATE courses
SET total_registered_students = total_registered_students + 1
WHERE id = NEW.course_id;
END IF;
END $$ DELIMITER;
--
-- Indexes for dumped tables
--

--
-- Indexes for table `closed_reports`
--
ALTER TABLE `closed_reports`
ADD PRIMARY KEY (`id`);
--
-- Indexes for table `confirmed_reports`
--
ALTER TABLE `confirmed_reports`
ADD PRIMARY KEY (`id`);
--
-- Indexes for table `conversations`
--
ALTER TABLE `conversations`
ADD PRIMARY KEY (`id`);
--
-- Indexes for table `conversation_members`
--
ALTER TABLE `conversation_members`
ADD PRIMARY KEY (`conversation_id`, `user_id`),
  ADD KEY `user_id` (`user_id`);
--
-- Indexes for table `courses`
--
ALTER TABLE `courses`
ADD PRIMARY KEY (`id`);
--
-- Indexes for table `course_activities`
--
ALTER TABLE `course_activities`
ADD PRIMARY KEY (`id`),
  ADD UNIQUE KEY `name` (`name`);
--
-- Indexes for table `messages`
--
ALTER TABLE `messages`
ADD PRIMARY KEY (`id`),
  ADD KEY `conversation_id` (`conversation_id`),
  ADD KEY `sender_id` (`sender_id`);
--
-- Indexes for table `officer_rank`
--
ALTER TABLE `officer_rank`
ADD PRIMARY KEY (`id`),
  ADD UNIQUE KEY `name` (`name`);
--
-- Indexes for table `reports`
--
ALTER TABLE `reports`
ADD PRIMARY KEY (`id`);
--
-- Indexes for table `roles`
--
ALTER TABLE `roles`
ADD PRIMARY KEY (`id`);
--
-- Indexes for table `role_permissions`
--
ALTER TABLE `role_permissions`
ADD PRIMARY KEY (`id`),
  ADD KEY `role_id` (`role_id`);
--
-- Indexes for table `service_paper_assignments`
--
ALTER TABLE `service_paper_assignments`
ADD PRIMARY KEY (`id`),
  ADD UNIQUE KEY `unique_assignment` (
    `coordinator_id`,
    `sponsored_ds_id`,
    `category_id`
  ),
  ADD KEY `sponsored_ds_id` (`sponsored_ds_id`),
  ADD KEY `category_id` (`category_id`),
  ADD KEY `fk_course_id` (`course_id`);
--
-- Indexes for table `service_paper_categories`
--
ALTER TABLE `service_paper_categories`
ADD PRIMARY KEY (`id`);
--
-- Indexes for table `service_paper_stages`
--
ALTER TABLE `service_paper_stages`
ADD PRIMARY KEY (`id`),
  ADD KEY `category_id` (`category_id`),
  ADD KEY `fk_course_id` (`course_id`);
--
-- Indexes for table `student_service_papers`
--
ALTER TABLE `student_service_papers`
ADD PRIMARY KEY (`id`),
  ADD KEY `student_id` (`student_id`),
  ADD KEY `supervising_ds_id` (`supervising_ds_id`),
  ADD KEY `chief_instructor_id` (`chief_instructor_id`),
  ADD KEY `stage_id` (`stage_id`),
  ADD KEY `fk_course_id` (`course_id`),
  ADD KEY `fk_category_id` (`category_id`);
--
-- Indexes for table `users`
--
ALTER TABLE `users`
ADD PRIMARY KEY (`id`),
  ADD UNIQUE KEY `service_num` (`service_num`),
  ADD KEY `course_id` (`course_id`),
  ADD KEY `role_id` (`role_id`),
  ADD KEY `fk_rank` (`rank_id`);
--
-- AUTO_INCREMENT for dumped tables
--

--
-- AUTO_INCREMENT for table `closed_reports`
--
ALTER TABLE `closed_reports`
MODIFY `id` int(11) NOT NULL AUTO_INCREMENT;
--
-- AUTO_INCREMENT for table `confirmed_reports`
--
ALTER TABLE `confirmed_reports`
MODIFY `id` int(11) NOT NULL AUTO_INCREMENT;
--
-- AUTO_INCREMENT for table `conversations`
--
ALTER TABLE `conversations`
MODIFY `id` int(11) NOT NULL AUTO_INCREMENT,
  AUTO_INCREMENT = 69;
--
-- AUTO_INCREMENT for table `courses`
--
ALTER TABLE `courses`
MODIFY `id` int(11) NOT NULL AUTO_INCREMENT,
  AUTO_INCREMENT = 12;
--
-- AUTO_INCREMENT for table `course_activities`
--
ALTER TABLE `course_activities`
MODIFY `id` int(11) NOT NULL AUTO_INCREMENT,
  AUTO_INCREMENT = 13;
--
-- AUTO_INCREMENT for table `messages`
--
ALTER TABLE `messages`
MODIFY `id` int(11) NOT NULL AUTO_INCREMENT,
  AUTO_INCREMENT = 98;
--
-- AUTO_INCREMENT for table `officer_rank`
--
ALTER TABLE `officer_rank`
MODIFY `id` int(11) NOT NULL AUTO_INCREMENT,
  AUTO_INCREMENT = 23;
--
-- AUTO_INCREMENT for table `reports`
--
ALTER TABLE `reports`
MODIFY `id` int(11) NOT NULL AUTO_INCREMENT,
  AUTO_INCREMENT = 58;
--
-- AUTO_INCREMENT for table `roles`
--
ALTER TABLE `roles`
MODIFY `id` int(11) NOT NULL AUTO_INCREMENT,
  AUTO_INCREMENT = 13;
--
-- AUTO_INCREMENT for table `role_permissions`
--
ALTER TABLE `role_permissions`
MODIFY `id` int(11) NOT NULL AUTO_INCREMENT;
--
-- AUTO_INCREMENT for table `service_paper_assignments`
--
ALTER TABLE `service_paper_assignments`
MODIFY `id` int(11) NOT NULL AUTO_INCREMENT,
  AUTO_INCREMENT = 5;
--
-- AUTO_INCREMENT for table `service_paper_categories`
--
ALTER TABLE `service_paper_categories`
MODIFY `id` int(11) NOT NULL AUTO_INCREMENT,
  AUTO_INCREMENT = 4;
--
-- AUTO_INCREMENT for table `service_paper_stages`
--
ALTER TABLE `service_paper_stages`
MODIFY `id` int(11) NOT NULL AUTO_INCREMENT;
--
-- AUTO_INCREMENT for table `student_service_papers`
--
ALTER TABLE `student_service_papers`
MODIFY `id` int(11) NOT NULL AUTO_INCREMENT;
--
-- AUTO_INCREMENT for table `users`
--
ALTER TABLE `users`
MODIFY `id` int(11) NOT NULL AUTO_INCREMENT,
  AUTO_INCREMENT = 94;
COMMIT;
;
;
;